Last updated on 2025-10-26 13:49:55 CET.
| Flavor | Version | Tinstall | Tcheck | Ttotal | Status | Flags |
|---|---|---|---|---|---|---|
| r-devel-linux-x86_64-debian-clang | 3.1.1 | 4.69 | 334.73 | 339.42 | NOTE | |
| r-devel-linux-x86_64-debian-gcc | 3.1.1 | 3.37 | 268.58 | 271.95 | NOTE | |
| r-devel-linux-x86_64-fedora-clang | 3.1.1 | 10.00 | 583.75 | 593.75 | NOTE | |
| r-devel-linux-x86_64-fedora-gcc | 3.1.1 | 13.00 | 476.22 | 489.22 | NOTE | |
| r-devel-windows-x86_64 | 3.1.1 | 6.00 | 314.00 | 320.00 | OK | |
| r-patched-linux-x86_64 | 3.1.1 | 4.81 | 336.90 | 341.71 | OK | |
| r-release-linux-x86_64 | 3.1.1 | 3.41 | 292.41 | 295.82 | OK | |
| r-release-macos-arm64 | 3.1.1 | 2.00 | 243.00 | 245.00 | OK | |
| r-release-macos-x86_64 | 3.1.1 | 4.00 | 423.00 | 427.00 | OK | |
| r-release-windows-x86_64 | 3.1.1 | 7.00 | 349.00 | 356.00 | OK | |
| r-oldrel-macos-arm64 | 3.1.1 | 3.00 | 239.00 | 242.00 | OK | |
| r-oldrel-macos-x86_64 | 3.1.1 | 3.00 | 282.00 | 285.00 | OK | |
| r-oldrel-windows-x86_64 | 3.1.1 | 8.00 | 441.00 | 449.00 | OK |
Version: 3.1.1
Check: CRAN incoming feasibility
Result: NOTE
Maintainer: ‘Jill Lundell <jflundell@gmail.com>’
Package CITATION file contains call(s) to old-style personList() or
as.personList(). Please use c() on person objects instead.
Package CITATION file contains call(s) to old-style citEntry(). Please
use bibentry() instead.
Flavors: r-devel-linux-x86_64-debian-clang, r-devel-linux-x86_64-debian-gcc
Version: 3.1.1
Check: dependencies in R code
Result: NOTE
Namespace in Imports field not imported from: ‘BiocStyle’
All declared Imports should be used.
Flavors: r-devel-linux-x86_64-fedora-clang, r-devel-linux-x86_64-fedora-gcc