Last updated on 2025-10-26 09:49:55 CET.
| Flavor | Version | Tinstall | Tcheck | Ttotal | Status | Flags |
|---|---|---|---|---|---|---|
| r-devel-linux-x86_64-debian-clang | 0.2.0 | 4.47 | 44.06 | 48.53 | NOTE | |
| r-devel-linux-x86_64-debian-gcc | 0.2.0 | 3.14 | 28.98 | 32.12 | NOTE | |
| r-devel-linux-x86_64-fedora-clang | 0.2.0 | 11.00 | 60.14 | 71.14 | OK | |
| r-devel-linux-x86_64-fedora-gcc | 0.2.0 | 68.98 | OK | |||
| r-devel-windows-x86_64 | 0.2.0 | 4.00 | 56.00 | 60.00 | OK | |
| r-patched-linux-x86_64 | 0.2.0 | 3.93 | 38.65 | 42.58 | OK | |
| r-release-linux-x86_64 | 0.2.0 | 4.16 | 40.14 | 44.30 | OK | |
| r-release-macos-arm64 | 0.2.0 | 2.00 | 21.00 | 23.00 | OK | |
| r-release-macos-x86_64 | 0.2.0 | 4.00 | 50.00 | 54.00 | OK | |
| r-release-windows-x86_64 | 0.2.0 | 4.00 | 57.00 | 61.00 | OK | |
| r-oldrel-macos-arm64 | 0.2.0 | 2.00 | 19.00 | 21.00 | OK | |
| r-oldrel-macos-x86_64 | 0.2.0 | 3.00 | 45.00 | 48.00 | OK | |
| r-oldrel-windows-x86_64 | 0.2.0 | 6.00 | 55.00 | 61.00 | OK |
Version: 0.2.0
Check: CRAN incoming feasibility
Result: NOTE
Maintainer: ‘Quentin Lajaunie <quentin_lajaunie@hotmail.fr>’
No Authors@R field in DESCRIPTION.
Please add one, modifying
Authors@R: c(person(given = "Jean-Baptiste",
family = "Hasse",
role = "aut"),
person(given = "Quentin",
family = "Lajaunie",
role = c("aut", "cre"),
email = "quentin_lajaunie@hotmail.fr"))
as necessary.
Flavors: r-devel-linux-x86_64-debian-clang, r-devel-linux-x86_64-debian-gcc