Last updated on 2025-10-25 13:48:36 CEST.
| Flavor | Version | Tinstall | Tcheck | Ttotal | Status | Flags |
|---|---|---|---|---|---|---|
| r-devel-linux-x86_64-debian-clang | 0.6.1.1 | 26.49 | 90.57 | 117.06 | NOTE | |
| r-devel-linux-x86_64-debian-gcc | 0.7.2 | 19.51 | 68.41 | 87.92 | OK | |
| r-devel-linux-x86_64-fedora-clang | 0.7.2 | 137.00 | 72.46 | 209.46 | OK | |
| r-devel-linux-x86_64-fedora-gcc | 0.7.2 | 109.00 | 105.20 | 214.20 | OK | |
| r-devel-windows-x86_64 | 0.6.1.1 | 29.00 | 123.00 | 152.00 | NOTE | |
| r-patched-linux-x86_64 | 0.6.1.1 | 24.42 | 87.15 | 111.57 | NOTE | |
| r-release-linux-x86_64 | 0.6.1.1 | 24.50 | 87.12 | 111.62 | NOTE | |
| r-release-macos-arm64 | 0.7.2 | 17.00 | 48.00 | 65.00 | OK | |
| r-release-macos-x86_64 | 0.7.2 | 51.00 | 199.00 | 250.00 | OK | |
| r-release-windows-x86_64 | 0.6.1.1 | 30.00 | 129.00 | 159.00 | NOTE | |
| r-oldrel-macos-arm64 | 0.7.2 | 16.00 | 54.00 | 70.00 | OK | |
| r-oldrel-macos-x86_64 | 0.7.2 | 47.00 | 201.00 | 248.00 | OK | |
| r-oldrel-windows-x86_64 | 0.6.1.1 | 36.00 | 158.00 | 194.00 | OK |
Version: 0.6.1.1
Check: Rd cross-references
Result: NOTE
Found the following Rd file(s) with Rd \link{} targets missing package
anchors:
catalog.Rd: inside.owin
Please provide package anchors for all Rd \link{} targets not in the
package itself and the base packages.
Flavors: r-devel-linux-x86_64-debian-clang, r-devel-windows-x86_64, r-patched-linux-x86_64, r-release-linux-x86_64, r-release-windows-x86_64