Last updated on 2025-10-26 13:49:54 CET.
| Flavor | Version | Tinstall | Tcheck | Ttotal | Status | Flags |
|---|---|---|---|---|---|---|
| r-devel-linux-x86_64-debian-clang | 3.1 | 6.55 | 53.76 | 60.31 | NOTE | |
| r-devel-linux-x86_64-debian-gcc | 3.1 | 5.07 | 41.43 | 46.50 | NOTE | |
| r-devel-linux-x86_64-fedora-clang | 3.1 | 12.00 | 76.97 | 88.97 | OK | |
| r-devel-linux-x86_64-fedora-gcc | 3.1 | 14.00 | 71.37 | 85.37 | OK | |
| r-devel-windows-x86_64 | 3.1 | 7.00 | 62.00 | 69.00 | OK | |
| r-patched-linux-x86_64 | 3.1 | 5.96 | 50.73 | 56.69 | OK | |
| r-release-linux-x86_64 | 3.1 | 6.44 | 50.85 | 57.29 | OK | |
| r-release-macos-arm64 | 3.1 | 3.00 | 30.00 | 33.00 | OK | |
| r-release-macos-x86_64 | 3.1 | 8.00 | 72.00 | 80.00 | OK | |
| r-release-windows-x86_64 | 3.1 | 7.00 | 66.00 | 73.00 | OK | |
| r-oldrel-macos-arm64 | 3.1 | 3.00 | 25.00 | 28.00 | OK | |
| r-oldrel-macos-x86_64 | 3.1 | 4.00 | 38.00 | 42.00 | OK | |
| r-oldrel-windows-x86_64 | 3.1 | 10.00 | 85.00 | 95.00 | OK |
Version: 3.1
Check: CRAN incoming feasibility
Result: NOTE
Maintainer: ‘Deniz Akdemir <deniz.akdemir.work@gmail.com>’
No Authors@R field in DESCRIPTION.
Please add one, modifying
Authors@R: c(person(given = "Deniz",
family = "Akdemir",
role = c("aut", "cre"),
email = "deniz.akdemir.work@gmail.com"),
person(given = c("Okeke", "Uche"),
family = "Godfrey",
role = "aut"))
as necessary.
Flavors: r-devel-linux-x86_64-debian-clang, r-devel-linux-x86_64-debian-gcc