Last updated on 2025-07-10 05:49:13 CEST.
Flavor | Version | Tinstall | Tcheck | Ttotal | Status | Flags |
---|---|---|---|---|---|---|
r-devel-linux-x86_64-debian-clang | 3.2.0 | 103.91 | 326.22 | 430.13 | OK | |
r-devel-linux-x86_64-debian-gcc | 3.2.0 | 68.26 | 208.89 | 277.15 | OK | |
r-devel-linux-x86_64-fedora-clang | 3.2.0 | 728.30 | OK | |||
r-devel-linux-x86_64-fedora-gcc | 3.2.0 | 718.23 | OK | |||
r-devel-windows-x86_64 | 3.2.0 | 102.00 | 343.00 | 445.00 | OK | |
r-patched-linux-x86_64 | 3.2.0 | 100.68 | 314.28 | 414.96 | OK | |
r-release-linux-x86_64 | 3.2.0 | 101.83 | 312.03 | 413.86 | OK | |
r-release-macos-arm64 | 3.1.1 | 144.00 | OK | |||
r-release-macos-x86_64 | 3.2.0 | 352.00 | OK | |||
r-release-windows-x86_64 | 3.2.0 | 106.00 | 341.00 | 447.00 | OK | |
r-oldrel-macos-arm64 | 3.1.1 | 154.00 | NOTE | |||
r-oldrel-macos-x86_64 | 3.2.0 | 330.00 | NOTE | |||
r-oldrel-windows-x86_64 | 3.2.0 | 130.00 | 464.00 | 594.00 | NOTE |
Version: 3.1.1
Check: installed package size
Result: NOTE
installed size is 9.4Mb
sub-directories of 1Mb or more:
doc 2.4Mb
libs 5.7Mb
Flavor: r-oldrel-macos-arm64
Version: 3.2.0
Check: installed package size
Result: NOTE
installed size is 11.0Mb
sub-directories of 1Mb or more:
doc 3.1Mb
libs 6.3Mb
Flavors: r-oldrel-macos-x86_64, r-oldrel-windows-x86_64