Last updated on 2025-07-17 21:50:45 CEST.
Flavor | Version | Tinstall | Tcheck | Ttotal | Status | Flags |
---|---|---|---|---|---|---|
r-devel-linux-x86_64-debian-clang | 1.2.1 | 5.94 | 92.53 | 98.47 | OK | |
r-devel-linux-x86_64-debian-gcc | 1.2.1 | 3.78 | 66.30 | 70.08 | OK | |
r-devel-linux-x86_64-fedora-clang | 1.2.1 | 154.21 | OK | |||
r-devel-linux-x86_64-fedora-gcc | 1.2.1 | 161.14 | OK | |||
r-devel-windows-x86_64 | 1.2.1 | 9.00 | 117.00 | 126.00 | OK | |
r-patched-linux-x86_64 | 1.2.1 | 6.77 | 86.75 | 93.52 | OK | |
r-release-linux-x86_64 | 1.2.1 | 5.50 | 85.53 | 91.03 | OK | |
r-release-macos-arm64 | 1.2.1 | 76.00 | OK | |||
r-release-macos-x86_64 | 1.2.1 | 184.00 | OK | |||
r-release-windows-x86_64 | 1.2.1 | 10.00 | 118.00 | 128.00 | OK | |
r-oldrel-macos-arm64 | 1.2.1 | 67.00 | NOTE | |||
r-oldrel-macos-x86_64 | 1.2.1 | 93.00 | NOTE | |||
r-oldrel-windows-x86_64 | 1.2.1 | 11.00 | 142.00 | 153.00 | NOTE |
Version: 1.2.1
Check: installed package size
Result: NOTE
installed size is 10.4Mb
sub-directories of 1Mb or more:
doc 5.1Mb
extdata 5.1Mb
Flavors: r-oldrel-macos-arm64, r-oldrel-macos-x86_64, r-oldrel-windows-x86_64