Last updated on 2025-10-25 17:48:35 CEST.
| Flavor | Version | Tinstall | Tcheck | Ttotal | Status | Flags |
|---|---|---|---|---|---|---|
| r-devel-linux-x86_64-debian-clang | 1.3 | 15.08 | 41.05 | 56.13 | OK | |
| r-devel-linux-x86_64-debian-gcc | 1.3 | 11.04 | 30.76 | 41.80 | OK | |
| r-devel-linux-x86_64-fedora-clang | 1.3 | 33.00 | 54.20 | 87.20 | OK | |
| r-devel-linux-x86_64-fedora-gcc | 1.3 | 30.00 | 55.45 | 85.45 | OK | |
| r-devel-windows-x86_64 | 1.3 | 19.00 | 74.00 | 93.00 | OK | |
| r-patched-linux-x86_64 | 1.3 | 15.81 | 38.12 | 53.93 | OK | |
| r-release-linux-x86_64 | 1.3 | 16.07 | 39.14 | 55.21 | OK | |
| r-release-macos-arm64 | 1.3 | 10.00 | 28.00 | 38.00 | OK | |
| r-release-macos-x86_64 | 1.3 | 11.00 | 39.00 | 50.00 | OK | |
| r-release-windows-x86_64 | 1.3 | 17.00 | 73.00 | 90.00 | OK | |
| r-oldrel-macos-arm64 | 1.3 | 8.00 | 24.00 | 32.00 | NOTE | |
| r-oldrel-macos-x86_64 | 1.3 | 11.00 | 32.00 | 43.00 | NOTE | |
| r-oldrel-windows-x86_64 | 1.3 | 19.00 | 88.00 | 107.00 | NOTE |
Version: 1.3
Check: installed package size
Result: NOTE
installed size is 5.2Mb
sub-directories of 1Mb or more:
data 3.9Mb
libs 1.1Mb
Flavors: r-oldrel-macos-arm64, r-oldrel-macos-x86_64, r-oldrel-windows-x86_64