CRAN Package Check Results for Package DriftBurstHypothesis

Last updated on 2025-07-12 21:50:41 CEST.

Flavor Version Tinstall Tcheck Ttotal Status Flags
r-devel-linux-x86_64-debian-clang 0.4.0.1 28.49 42.43 70.92 NOTE
r-devel-linux-x86_64-debian-gcc 0.4.0.1 19.34 37.98 57.32 NOTE
r-devel-linux-x86_64-fedora-clang 0.4.0.1 118.83 NOTE
r-devel-linux-x86_64-fedora-gcc 0.4.0.1 106.25 NOTE
r-devel-windows-x86_64 0.4.0.1 34.00 74.00 108.00 NOTE
r-patched-linux-x86_64 0.4.0.1 27.35 41.41 68.76 NOTE
r-release-linux-x86_64 0.4.0.1 28.28 39.59 67.87 NOTE
r-release-macos-arm64 0.4.0.1 36.00 NOTE
r-release-macos-x86_64 0.4.0.1 53.00 NOTE
r-release-windows-x86_64 0.4.0.1 34.00 73.00 107.00 NOTE
r-oldrel-macos-arm64 0.4.0.1 33.00 NOTE
r-oldrel-macos-x86_64 0.4.0.1 41.00 NOTE
r-oldrel-windows-x86_64 0.4.0.1 40.00 86.00 126.00 NOTE

Check Details

Version: 0.4.0.1
Check: CRAN incoming feasibility
Result: NOTE Maintainer: ‘Emil Sjoerup <emilsjoerup@live.dk>’ No Authors@R field in DESCRIPTION. Please add one, modifying Authors@R: person(given = "Emil", family = "Sjoerup", role = c("aut", "cre"), email = "emilsjoerup@live.dk") as necessary. Flavors: r-devel-linux-x86_64-debian-clang, r-devel-linux-x86_64-debian-gcc

Version: 0.4.0.1
Check: C++ specification
Result: NOTE Specified C++11: please drop specification unless essential Flavors: r-devel-linux-x86_64-debian-clang, r-devel-linux-x86_64-debian-gcc, r-devel-linux-x86_64-fedora-clang, r-devel-linux-x86_64-fedora-gcc, r-devel-windows-x86_64, r-patched-linux-x86_64, r-release-linux-x86_64, r-release-macos-arm64, r-release-macos-x86_64, r-release-windows-x86_64, r-oldrel-macos-arm64, r-oldrel-macos-x86_64, r-oldrel-windows-x86_64