Last updated on 2025-11-26 17:49:51 CET.
| Flavor | Version | Tinstall | Tcheck | Ttotal | Status | Flags |
|---|---|---|---|---|---|---|
| r-devel-linux-x86_64-debian-clang | 1.3 | 4.44 | 40.88 | 45.32 | NOTE | |
| r-devel-linux-x86_64-debian-gcc | 1.3 | 3.77 | 30.48 | 34.25 | NOTE | |
| r-devel-linux-x86_64-fedora-clang | 1.3 | 67.43 | OK | |||
| r-devel-linux-x86_64-fedora-gcc | 1.3 | 64.21 | OK | |||
| r-devel-windows-x86_64 | 1.3 | 7.00 | 58.00 | 65.00 | OK | |
| r-patched-linux-x86_64 | 1.3 | 4.01 | 37.93 | 41.94 | OK | |
| r-release-linux-x86_64 | 1.3 | 4.12 | 37.95 | 42.07 | OK | |
| r-release-macos-arm64 | 1.3 | OK | ||||
| r-release-macos-x86_64 | 1.3 | 5.00 | 34.00 | 39.00 | OK | |
| r-release-windows-x86_64 | 1.3 | 7.00 | 67.00 | 74.00 | OK | |
| r-oldrel-macos-arm64 | 1.3 | OK | ||||
| r-oldrel-macos-x86_64 | 1.3 | 4.00 | 29.00 | 33.00 | OK | |
| r-oldrel-windows-x86_64 | 1.3 | 8.00 | 63.00 | 71.00 | OK |
Version: 1.3
Check: CRAN incoming feasibility
Result: NOTE
Maintainer: ‘Daniel Laydon <d.laydon@imperial.ac.uk>’
No Authors@R field in DESCRIPTION.
Please add one, modifying
Authors@R: c(person(given = c("Daniel", "J."),
family = "Laydon",
role = "aut"),
person(given = "Aaron",
family = "Sim",
role = "aut"),
person(given = c("Charles", "R.M."),
family = "Bangham",
role = "aut"),
person(given = "Becca",
family = "Asquith",
role = "aut"),
person(given = "Daniel",
family = "Laydon",
role = "cre",
email = "d.laydon@imperial.ac.uk"))
as necessary.
Flavors: r-devel-linux-x86_64-debian-clang, r-devel-linux-x86_64-debian-gcc