Last updated on 2025-10-26 09:49:54 CET.
| Flavor | Version | Tinstall | Tcheck | Ttotal | Status | Flags |
|---|---|---|---|---|---|---|
| r-devel-linux-x86_64-debian-clang | 1.10 | 5.33 | 53.51 | 58.84 | NOTE | |
| r-devel-linux-x86_64-debian-gcc | 1.10 | 3.90 | 35.36 | 39.26 | NOTE | |
| r-devel-linux-x86_64-fedora-clang | 1.10 | 13.00 | 73.13 | 86.13 | OK | |
| r-devel-linux-x86_64-fedora-gcc | 1.10 | 12.00 | 71.18 | 83.18 | OK | |
| r-devel-windows-x86_64 | 1.10 | 9.00 | 71.00 | 80.00 | OK | |
| r-patched-linux-x86_64 | 1.10 | 6.00 | 48.99 | 54.99 | OK | |
| r-release-linux-x86_64 | 1.10 | 4.76 | 49.49 | 54.25 | OK | |
| r-release-macos-arm64 | 1.10 | 4.00 | 25.00 | 29.00 | OK | |
| r-release-macos-x86_64 | 1.10 | 7.00 | 45.00 | 52.00 | OK | |
| r-release-windows-x86_64 | 1.10 | 11.00 | 73.00 | 84.00 | OK | |
| r-oldrel-macos-arm64 | 1.10 | 3.00 | 28.00 | 31.00 | OK | |
| r-oldrel-macos-x86_64 | 1.10 | 5.00 | 35.00 | 40.00 | OK | |
| r-oldrel-windows-x86_64 | 1.10 | 9.00 | 86.00 | 95.00 | OK |
Version: 1.10
Check: CRAN incoming feasibility
Result: NOTE
Maintainer: ‘Celine Helbert <Celine.Helbert@ec-lyon.fr>’
No Authors@R field in DESCRIPTION.
Please add one, modifying
Authors@R: c(person(given = "Jessica",
family = "Franco",
role = "aut"),
person(given = "Delphine",
family = "Dupuy",
role = "aut"),
person(given = "Olivier",
family = "Roustant",
role = "aut"),
person(given = "Patrice",
family = "Kiener",
role = "aut"),
person(given = "Guillaume",
family = "Damblin",
role = "aut"),
person(given = "Bertrand",
family = "Iooss.",
role = "aut"),
person(given = "Celine",
family = "Helbert",
role = "cre",
email = "Celine.Helbert@ec-lyon.fr"))
as necessary.
Flavors: r-devel-linux-x86_64-debian-clang, r-devel-linux-x86_64-debian-gcc