Last updated on 2025-07-12 05:48:28 CEST.
Flavor | Version | Tinstall | Tcheck | Ttotal | Status | Flags |
---|---|---|---|---|---|---|
r-devel-linux-x86_64-debian-clang | 1.2.1 | 2.90 | 236.75 | 239.65 | OK | |
r-devel-linux-x86_64-debian-gcc | 1.2.1 | 2.14 | 143.64 | 145.78 | OK | |
r-devel-linux-x86_64-fedora-clang | 1.2.1 | 356.68 | OK | |||
r-devel-linux-x86_64-fedora-gcc | 1.2.1 | 360.44 | OK | |||
r-devel-windows-x86_64 | 1.2.1 | 6.00 | 233.00 | 239.00 | OK | |
r-patched-linux-x86_64 | 1.2.1 | 2.79 | 221.11 | 223.90 | OK | |
r-release-linux-x86_64 | 1.2.1 | 3.11 | 221.93 | 225.04 | OK | |
r-release-macos-arm64 | 1.2.1 | 86.00 | OK | |||
r-release-macos-x86_64 | 1.2.1 | 211.00 | OK | |||
r-release-windows-x86_64 | 1.2.1 | 5.00 | 228.00 | 233.00 | OK | |
r-oldrel-macos-arm64 | 1.2.1 | 86.00 | NOTE | |||
r-oldrel-macos-x86_64 | 1.2.1 | 154.00 | NOTE | |||
r-oldrel-windows-x86_64 | 1.2.1 | 6.00 | 297.00 | 303.00 | NOTE |
Version: 1.2.1
Check: installed package size
Result: NOTE
installed size is 7.1Mb
sub-directories of 1Mb or more:
doc 4.8Mb
extdata 2.1Mb
Flavors: r-oldrel-macos-arm64, r-oldrel-macos-x86_64, r-oldrel-windows-x86_64