Last updated on 2025-10-26 13:49:53 CET.
| Flavor | Version | Tinstall | Tcheck | Ttotal | Status | Flags |
|---|---|---|---|---|---|---|
| r-devel-linux-x86_64-debian-clang | 1.0.0 | 15.17 | 109.74 | 124.91 | NOTE | |
| r-devel-linux-x86_64-debian-gcc | 1.0.0 | 10.50 | 75.26 | 85.76 | NOTE | |
| r-devel-linux-x86_64-fedora-clang | 1.0.0 | 36.00 | 155.35 | 191.35 | OK | |
| r-devel-linux-x86_64-fedora-gcc | 1.0.0 | 31.00 | 149.00 | 180.00 | OK | |
| r-devel-windows-x86_64 | 1.0.0 | 16.00 | 102.00 | 118.00 | OK | |
| r-patched-linux-x86_64 | 1.0.0 | 14.70 | 103.20 | 117.90 | OK | |
| r-release-linux-x86_64 | 1.0.0 | 15.92 | 101.50 | 117.42 | OK | |
| r-release-macos-arm64 | 1.0.0 | 7.00 | 43.00 | 50.00 | OK | |
| r-release-macos-x86_64 | 1.0.0 | 13.00 | 83.00 | 96.00 | OK | |
| r-release-windows-x86_64 | 1.0.0 | 16.00 | 105.00 | 121.00 | OK | |
| r-oldrel-macos-arm64 | 1.0.0 | 6.00 | 42.00 | 48.00 | OK | |
| r-oldrel-macos-x86_64 | 1.0.0 | 9.00 | 63.00 | 72.00 | OK | |
| r-oldrel-windows-x86_64 | 1.0.0 | 22.00 | 133.00 | 155.00 | OK |
Version: 1.0.0
Check: CRAN incoming feasibility
Result: NOTE
Maintainer: ‘Damian Siniakowicz <DamianSiniakowicz@gmail.com>’
No Authors@R field in DESCRIPTION.
Please add one, modifying
Authors@R: person(given = "Damian",
family = "Siniakowicz",
role = c("aut", "cre"),
email = "damiansiniakowicz@gmail.com")
as necessary.
Flavors: r-devel-linux-x86_64-debian-clang, r-devel-linux-x86_64-debian-gcc