Last updated on 2025-10-25 13:48:35 CEST.
| Flavor | Version | Tinstall | Tcheck | Ttotal | Status | Flags |
|---|---|---|---|---|---|---|
| r-devel-linux-x86_64-debian-clang | 1.1.0 | 24.29 | 38.86 | 63.15 | OK | |
| r-devel-linux-x86_64-debian-gcc | 1.1.0 | 18.90 | 29.67 | 48.57 | OK | |
| r-devel-linux-x86_64-fedora-clang | 1.1.0 | 41.00 | 64.06 | 105.06 | OK | |
| r-devel-linux-x86_64-fedora-gcc | 1.1.0 | 64.00 | 42.71 | 106.71 | OK | |
| r-devel-windows-x86_64 | 1.1.0 | 27.00 | 70.00 | 97.00 | OK | |
| r-patched-linux-x86_64 | 1.1.0 | 26.40 | 38.86 | 65.26 | OK | |
| r-release-linux-x86_64 | 1.1.0 | 23.90 | 39.11 | 63.01 | OK | |
| r-release-macos-arm64 | 1.1.0 | 12.00 | 28.00 | 40.00 | OK | |
| r-release-macos-x86_64 | 1.1.0 | 20.00 | 44.00 | 64.00 | OK | |
| r-release-windows-x86_64 | 1.1.0 | 27.00 | 81.00 | 108.00 | OK | |
| r-oldrel-macos-arm64 | 1.1.0 | 11.00 | 26.00 | 37.00 | NOTE | |
| r-oldrel-macos-x86_64 | 1.1.0 | 15.00 | 35.00 | 50.00 | NOTE | |
| r-oldrel-windows-x86_64 | 1.1.0 | 32.00 | 90.00 | 122.00 | OK |
Version: 1.1.0
Check: installed package size
Result: NOTE
installed size is 13.2Mb
sub-directories of 1Mb or more:
libs 13.1Mb
Flavors: r-oldrel-macos-arm64, r-oldrel-macos-x86_64