Last updated on 2025-10-26 05:49:56 CET.
| Flavor | Version | Tinstall | Tcheck | Ttotal | Status | Flags |
|---|---|---|---|---|---|---|
| r-devel-linux-x86_64-debian-clang | 1.0 | 2.85 | 32.84 | 35.69 | NOTE | |
| r-devel-linux-x86_64-debian-gcc | 1.0 | 2.05 | 24.78 | 26.83 | NOTE | |
| r-devel-linux-x86_64-fedora-clang | 1.0 | 52.64 | OK | |||
| r-devel-linux-x86_64-fedora-gcc | 1.0 | 51.32 | OK | |||
| r-devel-windows-x86_64 | 1.0 | 4.00 | 47.00 | 51.00 | OK | |
| r-patched-linux-x86_64 | 1.0 | 2.70 | 31.10 | 33.80 | OK | |
| r-release-linux-x86_64 | 1.0 | 2.63 | 31.62 | 34.25 | OK | |
| r-release-macos-arm64 | 1.0 | 2.00 | 19.00 | 21.00 | OK | |
| r-release-macos-x86_64 | 1.0 | 2.00 | 32.00 | 34.00 | OK | |
| r-release-windows-x86_64 | 1.0 | 4.00 | 52.00 | 56.00 | OK | |
| r-oldrel-macos-arm64 | 1.0 | 1.00 | 18.00 | 19.00 | NOTE | |
| r-oldrel-macos-x86_64 | 1.0 | 2.00 | 27.00 | 29.00 | NOTE | |
| r-oldrel-windows-x86_64 | 1.0 | 5.00 | 59.00 | 64.00 | NOTE |
Version: 1.0
Check: CRAN incoming feasibility
Result: NOTE
Maintainer: ‘Martin Wiegand <Martin.Wiegand@manchester.ac.uk>’
No Authors@R field in DESCRIPTION.
Please add one, modifying
Authors@R: person(given = "Martin",
family = "Wiegand",
role = c("aut", "cre"),
email = "martin.wiegand@manchester.ac.uk")
as necessary.
Flavors: r-devel-linux-x86_64-debian-clang, r-devel-linux-x86_64-debian-gcc
Version: 1.0
Check: LazyData
Result: NOTE
'LazyData' is specified without a 'data' directory
Flavors: r-oldrel-macos-arm64, r-oldrel-macos-x86_64, r-oldrel-windows-x86_64