Last updated on 2025-10-25 13:48:34 CEST.
| Flavor | Version | Tinstall | Tcheck | Ttotal | Status | Flags |
|---|---|---|---|---|---|---|
| r-devel-linux-x86_64-debian-clang | 1.2.0 | 4.75 | 119.30 | 124.05 | NOTE | |
| r-devel-linux-x86_64-debian-gcc | 1.2.0 | 3.41 | 85.35 | 88.76 | NOTE | |
| r-devel-linux-x86_64-fedora-clang | 1.2.0 | 186.07 | OK | |||
| r-devel-linux-x86_64-fedora-gcc | 1.2.0 | 28.00 | 191.78 | 219.78 | NOTE | |
| r-devel-windows-x86_64 | 1.2.0 | 7.00 | 140.00 | 147.00 | OK | |
| r-patched-linux-x86_64 | 1.2.0 | 4.74 | 113.05 | 117.79 | OK | |
| r-release-linux-x86_64 | 1.2.0 | 3.65 | 112.81 | 116.46 | OK | |
| r-release-macos-arm64 | 1.2.0 | 2.00 | 56.00 | 58.00 | OK | |
| r-release-macos-x86_64 | 1.2.0 | 4.00 | 147.00 | 151.00 | OK | |
| r-release-windows-x86_64 | 1.2.0 | 7.00 | 145.00 | 152.00 | OK | |
| r-oldrel-macos-arm64 | 1.2.0 | 2.00 | 62.00 | 64.00 | OK | |
| r-oldrel-macos-x86_64 | 1.2.0 | 4.00 | 160.00 | 164.00 | OK | |
| r-oldrel-windows-x86_64 | 1.2.0 | 9.00 | 190.00 | 199.00 | OK |
Version: 1.2.0
Check: Rd files
Result: NOTE
checkRd: (-1) simMV.Rd:74-79: Only 5 columns allowed in this table (row 1 has 1)
checkRd: (-1) simMV.Rd:74-79: Only 5 columns allowed in this table (row 2 has 1)
checkRd: (-1) simMV.Rd:74-79: Only 5 columns allowed in this table (row 3 has 1)
checkRd: (-1) simMV.Rd:74-79: Only 5 columns allowed in this table (row 4 has 1)
checkRd: (-1) simMVRM.Rd:75-79: Only 5 columns allowed in this table (row 1 has 1)
checkRd: (-1) simMVRM.Rd:75-79: Only 5 columns allowed in this table (row 2 has 1)
checkRd: (-1) simMVRM.Rd:75-79: Only 5 columns allowed in this table (row 3 has 1)
checkRd: (-1) simMVRM.Rd:81-85: Only 5 columns allowed in this table (row 1 has 1)
checkRd: (-1) simMVRM.Rd:81-85: Only 5 columns allowed in this table (row 2 has 1)
checkRd: (-1) simRM.Rd:64-68: Only 5 columns allowed in this table (row 1 has 1)
checkRd: (-1) simRM.Rd:64-68: Only 5 columns allowed in this table (row 2 has 1)
checkRd: (-1) simRM.Rd:64-68: Only 5 columns allowed in this table (row 3 has 1)
Flavors: r-devel-linux-x86_64-debian-clang, r-devel-linux-x86_64-debian-gcc, r-devel-linux-x86_64-fedora-gcc