Last updated on 2025-10-25 17:48:34 CEST.
| Flavor | Version | Tinstall | Tcheck | Ttotal | Status | Flags |
|---|---|---|---|---|---|---|
| r-devel-linux-x86_64-debian-clang | 1.0.2 | 3.12 | 71.03 | 74.15 | NOTE | |
| r-devel-linux-x86_64-debian-gcc | 1.0.2 | 2.34 | 48.89 | 51.23 | NOTE | |
| r-devel-linux-x86_64-fedora-clang | 1.0.2 | 118.74 | OK | |||
| r-devel-linux-x86_64-fedora-gcc | 1.0.2 | 132.72 | OK | |||
| r-devel-windows-x86_64 | 1.0.2 | 5.00 | 81.00 | 86.00 | OK | |
| r-patched-linux-x86_64 | 1.0.2 | 3.29 | 69.30 | 72.59 | OK | |
| r-release-linux-x86_64 | 1.0.2 | 2.94 | 68.05 | 70.99 | OK | |
| r-release-macos-arm64 | 1.0.2 | 1.00 | 40.00 | 41.00 | OK | |
| r-release-macos-x86_64 | 1.0.2 | 3.00 | 76.00 | 79.00 | OK | |
| r-release-windows-x86_64 | 1.0.2 | 4.00 | 90.00 | 94.00 | OK | |
| r-oldrel-macos-arm64 | 1.0.2 | 2.00 | 38.00 | 40.00 | OK | |
| r-oldrel-macos-x86_64 | 1.0.2 | 2.00 | 59.00 | 61.00 | OK | |
| r-oldrel-windows-x86_64 | 1.0.2 | 6.00 | 114.00 | 120.00 | OK |
Version: 1.0.2
Check: CRAN incoming feasibility
Result: NOTE
Maintainer: ‘Mark Hubbe <hubbe.1@osu.edu>’
Package CITATION file contains call(s) to old-style citEntry(). Please
use bibentry() instead.
Flavors: r-devel-linux-x86_64-debian-clang, r-devel-linux-x86_64-debian-gcc