Last updated on 2025-10-25 17:48:34 CEST.
| Flavor | Version | Tinstall | Tcheck | Ttotal | Status | Flags |
|---|---|---|---|---|---|---|
| r-devel-linux-x86_64-debian-clang | 0.5.7 | 59.87 | 89.41 | 149.28 | OK | |
| r-devel-linux-x86_64-debian-gcc | 0.5.7 | 46.45 | 65.32 | 111.77 | OK | |
| r-devel-linux-x86_64-fedora-clang | 0.5.7 | 176.00 | 118.29 | 294.29 | OK | |
| r-devel-linux-x86_64-fedora-gcc | 0.5.7 | 138.00 | 145.58 | 283.58 | OK | |
| r-devel-windows-x86_64 | 0.5.7 | 106.00 | 134.00 | 240.00 | OK | |
| r-patched-linux-x86_64 | 0.5.7 | 64.76 | 85.11 | 149.87 | OK | |
| r-release-linux-x86_64 | 0.5.7 | 68.66 | 84.91 | 153.57 | OK | |
| r-release-macos-arm64 | 0.5.7 | 28.00 | 47.00 | 75.00 | OK | |
| r-release-macos-x86_64 | 0.5.7 | 27.00 | 102.00 | 129.00 | OK | |
| r-release-windows-x86_64 | 0.5.7 | 105.00 | 137.00 | 242.00 | OK | |
| r-oldrel-macos-arm64 | 0.5.7 | 30.00 | 52.00 | 82.00 | NOTE | |
| r-oldrel-macos-x86_64 | 0.5.7 | 24.00 | 110.00 | 134.00 | NOTE | |
| r-oldrel-windows-x86_64 | 0.5.7 | 126.00 | 176.00 | 302.00 | OK |
Version: 0.5.7
Check: installed package size
Result: NOTE
installed size is 7.1Mb
sub-directories of 1Mb or more:
libs 6.6Mb
Flavors: r-oldrel-macos-arm64, r-oldrel-macos-x86_64