Last updated on 2025-10-26 13:49:53 CET.
| Flavor | Version | Tinstall | Tcheck | Ttotal | Status | Flags |
|---|---|---|---|---|---|---|
| r-devel-linux-x86_64-debian-clang | 0.0.3 | 12.93 | 100.79 | 113.72 | NOTE | |
| r-devel-linux-x86_64-debian-gcc | 0.0.3 | 7.70 | 70.78 | 78.48 | NOTE | |
| r-devel-linux-x86_64-fedora-clang | 0.0.3 | 53.00 | 136.81 | 189.81 | OK | |
| r-devel-linux-x86_64-fedora-gcc | 0.0.3 | 41.00 | 138.93 | 179.93 | OK | |
| r-devel-windows-x86_64 | 0.0.3 | 13.00 | 100.00 | 113.00 | OK | |
| r-patched-linux-x86_64 | 0.0.3 | 12.24 | 95.93 | 108.17 | OK | |
| r-release-linux-x86_64 | 0.0.3 | 12.38 | 96.61 | 108.99 | OK | |
| r-release-macos-arm64 | 0.0.3 | 5.00 | 40.00 | 45.00 | OK | |
| r-release-macos-x86_64 | 0.0.3 | 10.00 | 71.00 | 81.00 | OK | |
| r-release-windows-x86_64 | 0.0.3 | 14.00 | 103.00 | 117.00 | OK | |
| r-oldrel-macos-arm64 | 0.0.3 | 5.00 | 37.00 | 42.00 | OK | |
| r-oldrel-macos-x86_64 | 0.0.3 | 7.00 | 56.00 | 63.00 | OK | |
| r-oldrel-windows-x86_64 | 0.0.3 | 17.00 | 137.00 | 154.00 | OK |
Version: 0.0.3
Check: CRAN incoming feasibility
Result: NOTE
Maintainer: ‘Gabriel Budel <gabysp_budel@hotmail.com>’
No Authors@R field in DESCRIPTION.
Please add one, modifying
Authors@R: c(person(given = "Gabriel",
family = "Budel",
role = c("aut", "cre"),
email = "gabysp_budel@hotmail.com"),
person(given = "Flavius",
family = "Frasincar",
role = "aut"))
as necessary.
Flavors: r-devel-linux-x86_64-debian-clang, r-devel-linux-x86_64-debian-gcc