Last updated on 2025-11-26 17:49:50 CET.
| Flavor | Version | Tinstall | Tcheck | Ttotal | Status | Flags |
|---|---|---|---|---|---|---|
| r-devel-linux-x86_64-debian-clang | 2.3.0 | 6.74 | 341.84 | 348.58 | NOTE | |
| r-devel-linux-x86_64-debian-gcc | 2.3.0 | 3.96 | 250.63 | 254.59 | NOTE | |
| r-devel-linux-x86_64-fedora-clang | 2.3.0 | 46.00 | 537.08 | 583.08 | OK | |
| r-devel-linux-x86_64-fedora-gcc | 2.3.0 | 25.00 | 526.53 | 551.53 | OK | |
| r-devel-windows-x86_64 | 2.3.0 | 17.00 | 459.00 | 476.00 | OK | |
| r-patched-linux-x86_64 | 2.3.0 | 5.89 | 333.31 | 339.20 | OK | |
| r-release-linux-x86_64 | 2.3.0 | 6.41 | 333.03 | 339.44 | OK | |
| r-release-macos-arm64 | 2.3.0 | OK | ||||
| r-release-macos-x86_64 | 2.3.0 | 7.00 | 262.00 | 269.00 | OK | |
| r-release-windows-x86_64 | 2.3.0 | 12.00 | 467.00 | 479.00 | OK | |
| r-oldrel-macos-arm64 | 2.3.0 | OK | ||||
| r-oldrel-macos-x86_64 | 2.3.0 | 5.00 | 198.00 | 203.00 | OK | |
| r-oldrel-windows-x86_64 | 2.3.0 | 14.00 | 604.00 | 618.00 | OK |
Version: 2.3.0
Check: CRAN incoming feasibility
Result: NOTE
Maintainer: ‘Szymon Maksymiuk <sz.maksymiuk@gmail.com>’
The Description field contains
'DALEXtra' creates 'DALEX' Biecek (2018) <arXiv:1806.08915> explainer
Please refer to arXiv e-prints via their arXiv DOI <doi:10.48550/arXiv.YYMM.NNNNN>.
Flavors: r-devel-linux-x86_64-debian-clang, r-devel-linux-x86_64-debian-gcc