Last updated on 2025-10-27 09:50:31 CET.
| Flavor | Version | Tinstall | Tcheck | Ttotal | Status | Flags |
|---|---|---|---|---|---|---|
| r-devel-linux-x86_64-debian-clang | 1.0.0 | 1.89 | 24.82 | 26.71 | OK | |
| r-devel-linux-x86_64-debian-gcc | 1.0.0 | 1.49 | 20.79 | 22.28 | OK | |
| r-devel-linux-x86_64-fedora-clang | 1.0.0 | 14.00 | 28.33 | 42.33 | OK | |
| r-devel-linux-x86_64-fedora-gcc | 1.0.0 | 50.67 | OK | |||
| r-devel-windows-x86_64 | 1.0.0 | 4.00 | 43.00 | 47.00 | OK | |
| r-patched-linux-x86_64 | 1.0.0 | 1.87 | 22.56 | 24.43 | OK | |
| r-release-linux-x86_64 | 1.0.0 | 1.76 | 22.85 | 24.61 | OK | |
| r-release-macos-arm64 | 1.0.0 | 1.00 | 32.00 | 33.00 | OK | |
| r-release-macos-x86_64 | 1.0.0 | 2.00 | 38.00 | 40.00 | OK | |
| r-release-windows-x86_64 | 1.0.0 | 3.00 | 46.00 | 49.00 | OK | |
| r-oldrel-macos-arm64 | 1.0.0 | 1.00 | 20.00 | 21.00 | NOTE | |
| r-oldrel-macos-x86_64 | 1.0.0 | 1.00 | 31.00 | 32.00 | NOTE | |
| r-oldrel-windows-x86_64 | 1.0.0 | 3.00 | 49.00 | 52.00 | NOTE |
Version: 1.0.0
Check: LazyData
Result: NOTE
'LazyData' is specified without a 'data' directory
Flavors: r-oldrel-macos-arm64, r-oldrel-macos-x86_64, r-oldrel-windows-x86_64