Last updated on 2025-11-26 05:51:31 CET.
| Flavor | Version | Tinstall | Tcheck | Ttotal | Status | Flags |
|---|---|---|---|---|---|---|
| r-devel-linux-x86_64-debian-clang | 0.1.2 | 44.62 | 218.58 | 263.20 | OK | |
| r-devel-linux-x86_64-debian-gcc | 0.1.2 | 30.39 | 138.12 | 168.51 | OK | |
| r-devel-linux-x86_64-fedora-clang | 0.1.2 | 93.00 | 332.59 | 425.59 | OK | |
| r-devel-linux-x86_64-fedora-gcc | 0.1.2 | 115.00 | 304.28 | 419.28 | OK | |
| r-devel-windows-x86_64 | 0.1.2 | 56.00 | 207.00 | 263.00 | OK | |
| r-patched-linux-x86_64 | 0.1.2 | 44.20 | 206.61 | 250.81 | OK | |
| r-release-linux-x86_64 | 0.1.2 | 43.76 | 204.73 | 248.49 | OK | |
| r-release-macos-arm64 | 0.1.2 | OK | ||||
| r-release-macos-x86_64 | 0.1.2 | 66.00 | 268.00 | 334.00 | OK | |
| r-release-windows-x86_64 | 0.1.2 | 51.00 | 189.00 | 240.00 | OK | |
| r-oldrel-macos-arm64 | 0.1.2 | NOTE | ||||
| r-oldrel-macos-x86_64 | 0.1.2 | 91.00 | 266.00 | 357.00 | NOTE | |
| r-oldrel-windows-x86_64 | 0.1.2 | 68.00 | 269.00 | 337.00 | NOTE |
Version: 0.1.2
Check: installed package size
Result: NOTE
installed size is 7.8Mb
sub-directories of 1Mb or more:
extdata 4.9Mb
libs 2.5Mb
Flavors: r-oldrel-macos-arm64, r-oldrel-macos-x86_64, r-oldrel-windows-x86_64