CRAN Package Check Results for Package CoxICPen

Last updated on 2025-10-26 13:49:53 CET.

Flavor Version Tinstall Tcheck Ttotal Status Flags
r-devel-linux-x86_64-debian-clang 1.1.0 4.07 30.35 34.42 OK
r-devel-linux-x86_64-debian-gcc 1.1.0 2.64 22.59 25.23 OK
r-devel-linux-x86_64-fedora-clang 1.1.0 50.99 OK
r-devel-linux-x86_64-fedora-gcc 1.1.0 48.54 OK
r-devel-windows-x86_64 1.1.0 5.00 48.00 53.00 OK
r-patched-linux-x86_64 1.1.0 3.54 28.03 31.57 OK
r-release-linux-x86_64 1.1.0 3.84 28.44 32.28 OK
r-release-macos-arm64 1.1.0 2.00 19.00 21.00 OK
r-release-macos-x86_64 1.1.0 3.00 30.00 33.00 OK
r-release-windows-x86_64 1.1.0 4.00 49.00 53.00 OK
r-oldrel-macos-arm64 1.1.0 2.00 16.00 18.00 NOTE
r-oldrel-macos-x86_64 1.1.0 3.00 24.00 27.00 NOTE
r-oldrel-windows-x86_64 1.1.0 6.00 56.00 62.00 NOTE

Check Details

Version: 1.1.0
Check: LazyData
Result: NOTE 'LazyData' is specified without a 'data' directory Flavors: r-oldrel-macos-arm64, r-oldrel-macos-x86_64, r-oldrel-windows-x86_64