Last updated on 2025-10-25 05:49:58 CEST.
| Flavor | Version | Tinstall | Tcheck | Ttotal | Status | Flags |
|---|---|---|---|---|---|---|
| r-devel-linux-x86_64-debian-clang | 0.1.0 | 18.09 | 125.23 | 143.32 | OK | |
| r-devel-linux-x86_64-debian-gcc | 0.1.0 | 12.10 | 87.81 | 99.91 | OK | |
| r-devel-linux-x86_64-fedora-clang | 0.1.0 | 42.00 | 180.61 | 222.61 | NOTE | |
| r-devel-linux-x86_64-fedora-gcc | 0.1.0 | 50.00 | 154.10 | 204.10 | NOTE | |
| r-devel-windows-x86_64 | 0.1.0 | 21.00 | 119.00 | 140.00 | OK | |
| r-patched-linux-x86_64 | 0.1.0 | 17.39 | 116.96 | 134.35 | OK | |
| r-release-linux-x86_64 | 0.1.0 | 17.69 | 118.41 | 136.10 | OK | |
| r-release-macos-arm64 | 0.1.0 | 7.00 | 44.00 | 51.00 | OK | |
| r-release-macos-x86_64 | 0.1.0 | 13.00 | 87.00 | 100.00 | OK | |
| r-release-windows-x86_64 | 0.1.0 | 20.00 | 122.00 | 142.00 | OK | |
| r-oldrel-macos-arm64 | 0.1.0 | 7.00 | 46.00 | 53.00 | OK | |
| r-oldrel-macos-x86_64 | 0.1.0 | 10.00 | 64.00 | 74.00 | OK | |
| r-oldrel-windows-x86_64 | 0.1.0 | 27.00 | 152.00 | 179.00 | OK |
Version: 0.1.0
Check: dependencies in R code
Result: NOTE
Namespace in Imports field not imported from: ‘devtools’
All declared Imports should be used.
Flavors: r-devel-linux-x86_64-fedora-clang, r-devel-linux-x86_64-fedora-gcc