CRAN Package Check Results for Package CohortCharacteristics

Last updated on 2025-07-10 01:50:40 CEST.

Flavor Version Tinstall Tcheck Ttotal Status Flags
r-devel-linux-x86_64-debian-clang 1.0.0 7.27 770.01 777.28 OK
r-devel-linux-x86_64-debian-gcc 1.0.0 4.60 503.50 508.10 OK
r-devel-linux-x86_64-fedora-clang 1.0.0 1258.73 OK
r-devel-linux-x86_64-fedora-gcc 1.0.0 1208.99 OK
r-devel-windows-x86_64 1.0.0 9.00 434.00 443.00 OK
r-patched-linux-x86_64 1.0.0 7.77 723.25 731.02 OK
r-release-linux-x86_64 1.0.0 7.24 723.77 731.01 OK
r-release-macos-arm64 1.0.0 275.00 OK
r-release-macos-x86_64 1.0.0 448.00 OK
r-release-windows-x86_64 1.0.0 9.00 440.00 449.00 OK
r-oldrel-macos-arm64 1.0.0 337.00 NOTE
r-oldrel-macos-x86_64 1.0.0 528.00 NOTE
r-oldrel-windows-x86_64 1.0.0 11.00 642.00 653.00 NOTE

Check Details

Version: 1.0.0
Check: installed package size
Result: NOTE installed size is 6.1Mb sub-directories of 1Mb or more: doc 4.0Mb help 1.8Mb Flavors: r-oldrel-macos-arm64, r-oldrel-macos-x86_64, r-oldrel-windows-x86_64

Version: 1.0.0
Check: DESCRIPTION meta-information
Result: NOTE Packages listed in more than one of Depends, Imports, Suggests, Enhances: ‘reactable’ ‘DT’ A package should be listed in only one of these fields. Flavors: r-oldrel-macos-arm64, r-oldrel-macos-x86_64, r-oldrel-windows-x86_64