Last updated on 2025-11-26 17:49:49 CET.
| Flavor | Version | Tinstall | Tcheck | Ttotal | Status | Flags |
|---|---|---|---|---|---|---|
| r-devel-linux-x86_64-debian-clang | 1.1.1 | 10.58 | 32.37 | 42.95 | NOTE | |
| r-devel-linux-x86_64-debian-gcc | 1.1.1 | 8.05 | 24.38 | 32.43 | NOTE | |
| r-devel-linux-x86_64-fedora-clang | 1.1.1 | 24.00 | 45.26 | 69.26 | OK | |
| r-devel-linux-x86_64-fedora-gcc | 1.1.1 | 25.00 | 40.34 | 65.34 | OK | |
| r-devel-windows-x86_64 | 1.1.1 | 19.00 | 62.00 | 81.00 | OK | |
| r-patched-linux-x86_64 | 1.1.1 | 11.69 | 30.55 | 42.24 | OK | |
| r-release-linux-x86_64 | 1.1.1 | 11.31 | 30.45 | 41.76 | OK | |
| r-release-macos-arm64 | 1.1.1 | OK | ||||
| r-release-macos-x86_64 | 1.1.1 | 8.00 | 29.00 | 37.00 | OK | |
| r-release-windows-x86_64 | 1.1.1 | 15.00 | 76.00 | 91.00 | OK | |
| r-oldrel-macos-arm64 | 1.1.1 | OK | ||||
| r-oldrel-macos-x86_64 | 1.1.1 | 8.00 | 26.00 | 34.00 | OK | |
| r-oldrel-windows-x86_64 | 1.1.1 | 15.00 | 77.00 | 92.00 | OK |
Version: 1.1.1
Check: CRAN incoming feasibility
Result: NOTE
Maintainer: ‘Daewoo Pak <heavyrain.pak@gmail.com>’
No Authors@R field in DESCRIPTION.
Please add one, modifying
Authors@R: c(person(given = "Daewoo",
family = "Pak",
role = c("aut", "cre"),
email = "heavyrain.pak@gmail.com"),
person(given = "Song",
family = "Yang",
role = "aut"))
as necessary.
Found the following \keyword or \concept entries
which likely give several index terms:
File ‘ClinicalTrialSummary-package.Rd’:
\keyword{Survival analysis, Clinical trials, Hazar [TRUNCATED]
Flavors: r-devel-linux-x86_64-debian-clang, r-devel-linux-x86_64-debian-gcc