Last updated on 2025-10-25 13:48:32 CEST.
| Flavor | Version | Tinstall | Tcheck | Ttotal | Status | Flags |
|---|---|---|---|---|---|---|
| r-devel-linux-x86_64-debian-clang | 0.5.0 | 29.91 | 159.38 | 189.29 | NOTE | |
| r-devel-linux-x86_64-debian-gcc | 0.5.0 | 20.17 | 117.39 | 137.56 | NOTE | |
| r-devel-linux-x86_64-fedora-clang | 0.5.0 | 72.00 | 225.72 | 297.72 | OK | |
| r-devel-linux-x86_64-fedora-gcc | 0.5.0 | 63.00 | 230.04 | 293.04 | OK | |
| r-devel-windows-x86_64 | 0.5.0 | 38.00 | 171.00 | 209.00 | OK | |
| r-patched-linux-x86_64 | 0.5.0 | 30.79 | 148.26 | 179.05 | OK | |
| r-release-linux-x86_64 | 0.5.0 | 27.82 | 146.94 | 174.76 | OK | |
| r-release-macos-arm64 | 0.5.0 | 13.00 | 69.00 | 82.00 | OK | |
| r-release-macos-x86_64 | 0.5.0 | 17.00 | 125.00 | 142.00 | OK | |
| r-release-windows-x86_64 | 0.5.0 | 38.00 | 169.00 | 207.00 | OK | |
| r-oldrel-macos-arm64 | 0.5.0 | 14.00 | 72.00 | 86.00 | OK | |
| r-oldrel-macos-x86_64 | 0.5.0 | 28.00 | 188.00 | 216.00 | OK | |
| r-oldrel-windows-x86_64 | 0.5.0 | 50.00 | 217.00 | 267.00 | OK |
Version: 0.5.0
Check: DESCRIPTION meta-information
Result: NOTE
Author field differs from that derived from Authors@R
Author: ‘Naeem Khoshnevis [aut, cre] (<https://orcid.org/0000-0003-4315-1426>, Kempner), Xiao Wu [aut] (<https://orcid.org/0000-0002-4884-657X>, CUMC), Danielle Braun [aut] (<https://orcid.org/0000-0002-5177-8598>, HSPH)’
Authors@R: ‘Naeem Khoshnevis [aut, cre] (ORCID: <https://orcid.org/0000-0003-4315-1426>, AFFILIATION: Kempner), Xiao Wu [aut] (ORCID: <https://orcid.org/0000-0002-4884-657X>, AFFILIATION: CUMC), Danielle Braun [aut] (ORCID: <https://orcid.org/0000-0002-5177-8598>, AFFILIATION: HSPH)’
Flavors: r-devel-linux-x86_64-debian-clang, r-devel-linux-x86_64-debian-gcc