Last updated on 2025-11-26 17:49:48 CET.
| Flavor | Version | Tinstall | Tcheck | Ttotal | Status | Flags |
|---|---|---|---|---|---|---|
| r-devel-linux-x86_64-debian-clang | 0.4.1 | 0.24 | 3.42 | 3.66 | ERROR | |
| r-devel-linux-x86_64-debian-gcc | 0.4.1 | 0.31 | 2.81 | 3.12 | ERROR | |
| r-devel-linux-x86_64-fedora-clang | 0.4.1 | 2.44 | ERROR | |||
| r-devel-linux-x86_64-fedora-gcc | 0.4.1 | 12.00 | 97.15 | 109.15 | OK | |
| r-devel-windows-x86_64 | 0.4.1 | 8.00 | 84.00 | 92.00 | OK | |
| r-patched-linux-x86_64 | 0.4.1 | 3.87 | 53.99 | 57.86 | OK | |
| r-release-linux-x86_64 | 0.4.1 | 3.14 | 54.24 | 57.38 | OK | |
| r-release-macos-arm64 | 0.4.1 | OK | ||||
| r-release-macos-x86_64 | 0.4.1 | 2.00 | 68.00 | 70.00 | OK | |
| r-release-windows-x86_64 | 0.4.1 | 6.00 | 76.00 | 82.00 | OK | |
| r-oldrel-macos-arm64 | 0.4.1 | OK | ||||
| r-oldrel-macos-x86_64 | 0.4.1 | 2.00 | 43.00 | 45.00 | OK | |
| r-oldrel-windows-x86_64 | 0.4.1 | 7.00 | 87.00 | 94.00 | OK |
Version: 0.4.1
Check: package dependencies
Result: ERROR
Package required but not available: ‘mapSpain’
See section ‘The DESCRIPTION file’ in the ‘Writing R Extensions’
manual.
Flavors: r-devel-linux-x86_64-debian-clang, r-devel-linux-x86_64-debian-gcc, r-devel-linux-x86_64-fedora-clang