Last updated on 2025-11-27 05:49:25 CET.
| Flavor | Version | Tinstall | Tcheck | Ttotal | Status | Flags |
|---|---|---|---|---|---|---|
| r-devel-linux-x86_64-debian-clang | 2.0.3 | 16.15 | 42.92 | 59.07 | NOTE | |
| r-devel-linux-x86_64-debian-gcc | 2.0.3 | 10.60 | 30.79 | 41.39 | NOTE | |
| r-devel-linux-x86_64-fedora-clang | 2.0.3 | 85.00 | 16.35 | 101.35 | NOTE | |
| r-devel-linux-x86_64-fedora-gcc | 2.0.3 | 37.00 | 57.40 | 94.40 | NOTE | |
| r-devel-windows-x86_64 | 2.0.3 | 20.00 | 75.00 | 95.00 | NOTE | |
| r-patched-linux-x86_64 | 2.0.3 | 14.36 | 39.78 | 54.14 | NOTE | |
| r-release-linux-x86_64 | 2.0.3 | 15.39 | 40.26 | 55.65 | NOTE | |
| r-release-macos-arm64 | 2.0.3 | NOTE | ||||
| r-release-macos-x86_64 | 2.0.3 | 17.00 | 57.00 | 74.00 | NOTE | |
| r-release-windows-x86_64 | 2.0.3 | 20.00 | 83.00 | 103.00 | NOTE | |
| r-oldrel-macos-arm64 | 2.0.3 | NOTE | ||||
| r-oldrel-macos-x86_64 | 2.0.3 | 10.00 | 31.00 | 41.00 | NOTE | |
| r-oldrel-windows-x86_64 | 2.0.3 | 22.00 | 90.00 | 112.00 | NOTE |
Version: 2.0.3
Check: C++ specification
Result: NOTE
Specified C++14: please drop specification unless essential
Flavors: r-devel-linux-x86_64-debian-clang, r-devel-linux-x86_64-debian-gcc, r-devel-windows-x86_64, r-patched-linux-x86_64, r-release-linux-x86_64, r-release-macos-arm64, r-release-macos-x86_64, r-release-windows-x86_64, r-oldrel-macos-arm64, r-oldrel-macos-x86_64, r-oldrel-windows-x86_64
Version: 2.0.3
Check: C++ specification
Result: NOTE
Specified C++14: support will be removed soon
Flavors: r-devel-linux-x86_64-fedora-clang, r-devel-linux-x86_64-fedora-gcc