CRAN Package Check Results for Package CaDENCE

Last updated on 2025-10-25 17:48:32 CEST.

Flavor Version Tinstall Tcheck Ttotal Status Flags
r-devel-linux-x86_64-debian-clang 1.2.5 2.75 45.07 47.82 NOTE
r-devel-linux-x86_64-debian-gcc 1.2.5 2.01 31.66 33.67 NOTE
r-devel-linux-x86_64-fedora-clang 1.2.5 70.23 OK
r-devel-linux-x86_64-fedora-gcc 1.2.5 67.00 OK
r-devel-windows-x86_64 1.2.5 3.00 66.00 69.00 OK
r-patched-linux-x86_64 1.2.5 3.29 43.20 46.49 OK
r-release-linux-x86_64 1.2.5 2.37 42.71 45.08 OK
r-release-macos-arm64 1.2.5 2.00 27.00 29.00 OK
r-release-macos-x86_64 1.2.5 4.00 59.00 63.00 OK
r-release-windows-x86_64 1.2.5 3.00 68.00 71.00 OK
r-oldrel-macos-arm64 1.2.5 1.00 23.00 24.00 OK
r-oldrel-macos-x86_64 1.2.5 3.00 54.00 57.00 OK
r-oldrel-windows-x86_64 1.2.5 4.00 80.00 84.00 OK

Check Details

Version: 1.2.5
Check: CRAN incoming feasibility
Result: NOTE Maintainer: ‘Alex J. Cannon <alex.cannon@canada.ca>’ No Authors@R field in DESCRIPTION. Please add one, modifying Authors@R: person(given = c("Alex", "J."), family = "Cannon", role = c("aut", "cre"), email = "alex.cannon@canada.ca") as necessary. Package CITATION file contains call(s) to old-style citEntry(). Please use bibentry() instead. Flavors: r-devel-linux-x86_64-debian-clang, r-devel-linux-x86_64-debian-gcc