CRAN Package Check Results for Package CVXR

Last updated on 2025-07-08 21:48:22 CEST.

Flavor Version Tinstall Tcheck Ttotal Status Flags
r-devel-linux-x86_64-debian-clang 1.0-15 127.33 305.87 433.20 OK
r-devel-linux-x86_64-debian-gcc 1.0-15 83.23 203.43 286.66 OK
r-devel-linux-x86_64-fedora-clang 1.0-15 725.90 OK
r-devel-linux-x86_64-fedora-gcc 1.0-15 697.14 OK
r-devel-windows-x86_64 1.0-15 134.00 348.00 482.00 OK
r-patched-linux-x86_64 1.0-15 134.59 283.69 418.28 OK
r-release-linux-x86_64 1.0-15 123.88 283.74 407.62 OK
r-release-macos-arm64 1.0-15 173.00 OK
r-release-macos-x86_64 1.0-15 389.00 OK
r-release-windows-x86_64 1.0-15 132.00 351.00 483.00 OK
r-oldrel-macos-arm64 1.0-15 184.00 NOTE
r-oldrel-macos-x86_64 1.0-15 321.00 NOTE
r-oldrel-windows-x86_64 1.0-15 174.00 441.00 615.00 NOTE

Check Details

Version: 1.0-15
Check: package dependencies
Result: NOTE Packages which this enhances but not available for checking: 'Rcplex', 'gurobi', 'rcbc' Flavors: r-oldrel-macos-arm64, r-oldrel-macos-x86_64, r-oldrel-windows-x86_64

Version: 1.0-15
Check: installed package size
Result: NOTE installed size is 10.5Mb sub-directories of 1Mb or more: R 3.1Mb doc 1.2Mb help 1.1Mb libs 4.7Mb Flavors: r-oldrel-macos-arm64, r-oldrel-macos-x86_64, r-oldrel-windows-x86_64