CRAN Package Check Results for Package CSclone

Last updated on 2025-11-26 05:51:31 CET.

Flavor Version Tinstall Tcheck Ttotal Status Flags
r-devel-linux-x86_64-debian-clang 1.0 2.54 27.23 29.77 NOTE
r-devel-linux-x86_64-debian-gcc 1.0 1.99 20.83 22.82 NOTE
r-devel-linux-x86_64-fedora-clang 1.0 46.52 OK
r-devel-linux-x86_64-fedora-gcc 1.0 43.13 OK
r-devel-windows-x86_64 1.0 4.00 47.00 51.00 OK
r-patched-linux-x86_64 1.0 2.11 25.91 28.02 OK
r-release-linux-x86_64 1.0 2.50 25.73 28.23 OK
r-release-macos-arm64 1.0 OK
r-release-macos-x86_64 1.0 3.00 26.00 29.00 OK
r-release-windows-x86_64 1.0 4.00 43.00 47.00 OK
r-oldrel-macos-arm64 1.0 OK
r-oldrel-macos-x86_64 1.0 2.00 24.00 26.00 OK
r-oldrel-windows-x86_64 1.0 5.00 45.00 50.00 OK

Check Details

Version: 1.0
Check: CRAN incoming feasibility
Result: NOTE Maintainer: ‘Peter Wu <peter123wu0@gmail.com>’ No Authors@R field in DESCRIPTION. Please add one, modifying Authors@R: person(given = "Peter", family = "Wu", role = c("aut", "cre"), email = "peter123wu0@gmail.com") as necessary. Flavors: r-devel-linux-x86_64-debian-clang, r-devel-linux-x86_64-debian-gcc