Last updated on 2025-11-26 09:51:10 CET.
| Flavor | Version | Tinstall | Tcheck | Ttotal | Status | Flags |
|---|---|---|---|---|---|---|
| r-devel-linux-x86_64-debian-clang | 0.1.0 | 9.53 | 122.30 | 131.83 | NOTE | |
| r-devel-linux-x86_64-debian-gcc | 0.1.0 | 5.85 | 86.87 | 92.72 | NOTE | |
| r-devel-linux-x86_64-fedora-clang | 0.1.0 | 54.00 | 153.64 | 207.64 | OK | |
| r-devel-linux-x86_64-fedora-gcc | 0.1.0 | 16.00 | 189.37 | 205.37 | OK | |
| r-devel-windows-x86_64 | 0.1.0 | 12.00 | 115.00 | 127.00 | OK | |
| r-patched-linux-x86_64 | 0.1.0 | 8.60 | 115.47 | 124.07 | OK | |
| r-release-linux-x86_64 | 0.1.0 | 7.66 | 115.99 | 123.65 | OK | |
| r-release-macos-arm64 | 0.1.0 | OK | ||||
| r-release-macos-x86_64 | 0.1.0 | 6.00 | 69.00 | 75.00 | NOTE | |
| r-release-windows-x86_64 | 0.1.0 | 11.00 | 112.00 | 123.00 | OK | |
| r-oldrel-macos-arm64 | 0.1.0 | NOTE | ||||
| r-oldrel-macos-x86_64 | 0.1.0 | 8.00 | 79.00 | 87.00 | NOTE | |
| r-oldrel-windows-x86_64 | 0.1.0 | 14.00 | 145.00 | 159.00 | NOTE |
Version: 0.1.0
Check: CRAN incoming feasibility
Result: NOTE
Maintainer: ‘Gabriele Lubatti <gabriele.lubatti@helmholtz-muenchen.de>’
No Authors@R field in DESCRIPTION.
Please add one, modifying
Authors@R: person(given = "Gabriele",
family = "Lubatti",
role = c("aut", "cre"),
email = "gabriele.lubatti@helmholtz-muenchen.de")
as necessary.
Flavors: r-devel-linux-x86_64-debian-clang, r-devel-linux-x86_64-debian-gcc
Version: 0.1.0
Check: re-building of vignette outputs
Result: NOTE
Note: skipping ‘CIARA.Rmd’ due to unavailable dependencies: 'Seurat'
Flavor: r-release-macos-x86_64
Version: 0.1.0
Check: installed package size
Result: NOTE
installed size is 8.0Mb
sub-directories of 1Mb or more:
doc 5.7Mb
extdata 2.1Mb
Flavors: r-oldrel-macos-arm64, r-oldrel-macos-x86_64, r-oldrel-windows-x86_64