Last updated on 2025-10-26 13:49:51 CET.
| Flavor | Version | Tinstall | Tcheck | Ttotal | Status | Flags |
|---|---|---|---|---|---|---|
| r-devel-linux-x86_64-debian-clang | 6.1.1 | 85.18 | 454.67 | 539.85 | NOTE | |
| r-devel-linux-x86_64-debian-gcc | 6.1.1 | 51.39 | 298.94 | 350.33 | NOTE | |
| r-devel-linux-x86_64-fedora-clang | 6.1.1 | 158.00 | 687.96 | 845.96 | OK | |
| r-devel-linux-x86_64-fedora-gcc | 6.1.1 | 163.00 | 672.31 | 835.31 | OK | |
| r-devel-windows-x86_64 | 6.1.1 | 75.00 | 387.00 | 462.00 | OK | |
| r-patched-linux-x86_64 | 6.1.1 | 73.78 | 433.18 | 506.96 | OK | |
| r-release-linux-x86_64 | 6.1.1 | 74.87 | 431.80 | 506.67 | OK | |
| r-release-macos-arm64 | 6.1.1 | 35.00 | 160.00 | 195.00 | OK | |
| r-release-macos-x86_64 | 6.1.1 | 67.00 | 329.00 | 396.00 | OK | |
| r-release-windows-x86_64 | 6.1.1 | 70.00 | 397.00 | 467.00 | OK | |
| r-oldrel-macos-arm64 | 6.1.1 | 30.00 | 154.00 | 184.00 | OK | |
| r-oldrel-macos-x86_64 | 6.1.1 | 48.00 | 272.00 | 320.00 | OK | |
| r-oldrel-windows-x86_64 | 6.1.1 | 100.00 | 518.00 | 618.00 | OK |
Version: 6.1.1
Check: CRAN incoming feasibility
Result: NOTE
Maintainer: ‘Duncan Lee <Duncan.Lee@glasgow.ac.uk>’
No Authors@R field in DESCRIPTION.
Please add one, modifying
Authors@R: person(given = "Duncan",
family = "Lee",
role = c("aut", "cre"),
email = "duncan.lee@glasgow.ac.uk")
as necessary.
Flavors: r-devel-linux-x86_64-debian-clang, r-devel-linux-x86_64-debian-gcc