CRAN Package Check Results for Package CARBayes

Last updated on 2025-11-26 17:49:48 CET.

Flavor Version Tinstall Tcheck Ttotal Status Flags
r-devel-linux-x86_64-debian-clang 6.1.1 0.27 2.40 2.67 ERROR
r-devel-linux-x86_64-debian-gcc 6.1.1 0.34 1.95 2.29 ERROR
r-devel-linux-x86_64-fedora-clang 6.1.1 1.90 ERROR
r-devel-linux-x86_64-fedora-gcc 6.1.1 326.00 549.06 875.06 OK
r-devel-windows-x86_64 6.1.1 79.00 418.00 497.00 OK
r-patched-linux-x86_64 6.1.1 78.78 434.04 512.82 OK
r-release-linux-x86_64 6.1.1 74.14 432.14 506.28 OK
r-release-macos-arm64 6.1.1 OK
r-release-macos-x86_64 6.1.1 67.00 329.00 396.00 OK
r-release-windows-x86_64 6.1.1 72.00 421.00 493.00 OK
r-oldrel-macos-arm64 6.1.1 OK
r-oldrel-macos-x86_64 6.1.1 48.00 272.00 320.00 OK
r-oldrel-windows-x86_64 6.1.1 98.00 510.00 608.00 OK

Check Details

Version: 6.1.1
Check: CRAN incoming feasibility
Result: NOTE Maintainer: ‘Duncan Lee <Duncan.Lee@glasgow.ac.uk>’ No Authors@R field in DESCRIPTION. Please add one, modifying Authors@R: person(given = "Duncan", family = "Lee", role = c("aut", "cre"), email = "duncan.lee@glasgow.ac.uk") as necessary. Flavors: r-devel-linux-x86_64-debian-clang, r-devel-linux-x86_64-debian-gcc

Version: 6.1.1
Check: package dependencies
Result: ERROR Package required but not available: ‘mapview’ See section ‘The DESCRIPTION file’ in the ‘Writing R Extensions’ manual. Flavors: r-devel-linux-x86_64-debian-clang, r-devel-linux-x86_64-debian-gcc, r-devel-linux-x86_64-fedora-clang