Last updated on 2025-07-08 01:48:43 CEST.
Flavor | Version | Tinstall | Tcheck | Ttotal | Status | Flags |
---|---|---|---|---|---|---|
r-devel-linux-x86_64-debian-clang | 3.2.0 | 100.50 | 302.44 | 402.94 | OK | |
r-devel-linux-x86_64-debian-gcc | 3.2.0 | 71.18 | 192.32 | 263.50 | OK | |
r-devel-linux-x86_64-fedora-clang | 3.3.1 | 639.48 | OK | |||
r-devel-linux-x86_64-fedora-gcc | 3.2.0 | 599.17 | OK | |||
r-devel-windows-x86_64 | 3.2.0 | 99.00 | 151.00 | 250.00 | OK | --no-examples --no-tests --no-vignettes |
r-patched-linux-x86_64 | 3.2.0 | 97.70 | 262.23 | 359.93 | OK | |
r-release-linux-x86_64 | 3.2.0 | 94.19 | 259.02 | 353.21 | OK | |
r-release-macos-arm64 | 3.2.0 | 117.00 | OK | |||
r-release-macos-x86_64 | 3.3.1 | 191.00 | OK | |||
r-release-windows-x86_64 | 3.2.0 | 103.00 | 150.00 | 253.00 | OK | --no-examples --no-tests --no-vignettes |
r-oldrel-macos-arm64 | 3.2.0 | 131.00 | NOTE | |||
r-oldrel-macos-x86_64 | 3.3.1 | 199.00 | NOTE | |||
r-oldrel-windows-x86_64 | 3.2.0 | 129.00 | 150.00 | 279.00 | OK | --no-examples --no-tests --no-vignettes |
Version: 3.2.0
Check: installed package size
Result: NOTE
installed size is 8.7Mb
sub-directories of 1Mb or more:
libs 7.1Mb
Flavor: r-oldrel-macos-arm64
Version: 3.3.1
Check: installed package size
Result: NOTE
installed size is 9.3Mb
sub-directories of 1Mb or more:
libs 7.1Mb
Flavor: r-oldrel-macos-x86_64