Last updated on 2025-10-26 13:49:50 CET.
| Flavor | Version | Tinstall | Tcheck | Ttotal | Status | Flags |
|---|---|---|---|---|---|---|
| r-devel-linux-x86_64-debian-clang | 1.1.3 | 77.86 | 266.82 | 344.68 | OK | |
| r-devel-linux-x86_64-debian-gcc | 1.1.3 | 53.88 | 178.77 | 232.65 | OK | |
| r-devel-linux-x86_64-fedora-clang | 1.1.3 | 109.00 | 449.19 | 558.19 | OK | |
| r-devel-linux-x86_64-fedora-gcc | 1.1.3 | 109.00 | 477.88 | 586.88 | OK | |
| r-devel-windows-x86_64 | 1.1.3 | 76.00 | 269.00 | 345.00 | OK | |
| r-patched-linux-x86_64 | 1.1.3 | 78.97 | 257.29 | 336.26 | OK | |
| r-release-linux-x86_64 | 1.1.3 | 77.74 | 254.82 | 332.56 | OK | |
| r-release-macos-arm64 | 1.1.3 | 31.00 | 172.00 | 203.00 | OK | |
| r-release-macos-x86_64 | 1.1.3 | 56.00 | 289.00 | 345.00 | OK | |
| r-release-windows-x86_64 | 1.1.3 | 76.00 | 266.00 | 342.00 | OK | |
| r-oldrel-macos-arm64 | 1.1.3 | 31.00 | 198.00 | 229.00 | NOTE | |
| r-oldrel-macos-x86_64 | 1.1.3 | 40.00 | 266.00 | 306.00 | NOTE | |
| r-oldrel-windows-x86_64 | 1.1.3 | 92.00 | 341.00 | 433.00 | OK |
Version: 1.1.3
Check: installed package size
Result: NOTE
installed size is 19.4Mb
sub-directories of 1Mb or more:
doc 1.0Mb
libs 17.8Mb
Flavors: r-oldrel-macos-arm64, r-oldrel-macos-x86_64