CRAN Package Check Results for Package BiasedUrn

Last updated on 2025-11-26 17:49:48 CET.

Flavor Version Tinstall Tcheck Ttotal Status Flags
r-devel-linux-x86_64-debian-clang 2.0.12 6.72 25.19 31.91 NOTE
r-devel-linux-x86_64-debian-gcc 2.0.12 6.63 21.12 27.75 NOTE
r-devel-linux-x86_64-fedora-clang 2.0.12 18.00 32.17 50.17 NOTE
r-devel-linux-x86_64-fedora-gcc 2.0.12 21.00 45.49 66.49 NOTE
r-devel-windows-x86_64 2.0.12 12.00 50.00 62.00 OK
r-patched-linux-x86_64 2.0.12 8.22 23.88 32.10 OK
r-release-linux-x86_64 2.0.12 8.80 24.20 33.00 OK
r-release-macos-arm64 2.0.12 OK
r-release-macos-x86_64 2.0.12 8.00 58.00 66.00 OK
r-release-windows-x86_64 2.0.12 15.00 48.00 63.00 OK
r-oldrel-macos-arm64 2.0.12 OK
r-oldrel-macos-x86_64 2.0.12 20.00 77.00 97.00 OK
r-oldrel-windows-x86_64 2.0.12 19.00 57.00 76.00 OK

Check Details

Version: 2.0.12
Check: CRAN incoming feasibility
Result: NOTE Maintainer: ‘Agner Fog <agner@agner.org>’ No Authors@R field in DESCRIPTION. Please add one, modifying Authors@R: person(given = "Agner", family = "Fog", role = c("aut", "cre"), email = "agner@agner.org") as necessary. Flavors: r-devel-linux-x86_64-debian-clang, r-devel-linux-x86_64-debian-gcc

Version: 2.0.12
Check: compiled code
Result: NOTE File ‘BiasedUrn/libs/BiasedUrn.so’: Found no calls to: ‘R_registerRoutines’, ‘R_useDynamicSymbols’ It is good practice to register native routines and to disable symbol search. See ‘Writing portable packages’ in the ‘Writing R Extensions’ manual. Flavors: r-devel-linux-x86_64-fedora-clang, r-devel-linux-x86_64-fedora-gcc