Last updated on 2025-10-26 13:49:50 CET.
| Flavor | Version | Tinstall | Tcheck | Ttotal | Status | Flags |
|---|---|---|---|---|---|---|
| r-devel-linux-x86_64-debian-clang | 0.2.0 | 1.63 | 18.84 | 20.47 | OK | |
| r-devel-linux-x86_64-debian-gcc | 0.2.0 | 1.37 | 15.71 | 17.08 | OK | |
| r-devel-linux-x86_64-fedora-clang | 0.2.0 | 32.34 | OK | |||
| r-devel-linux-x86_64-fedora-gcc | 0.2.0 | 30.19 | OK | |||
| r-devel-windows-x86_64 | 0.2.0 | 4.00 | 37.00 | 41.00 | OK | |
| r-patched-linux-x86_64 | 0.2.0 | 1.69 | 17.91 | 19.60 | OK | |
| r-release-linux-x86_64 | 0.2.0 | 1.68 | 18.07 | 19.75 | OK | |
| r-release-macos-arm64 | 0.2.0 | 1.00 | 13.00 | 14.00 | OK | |
| r-release-macos-x86_64 | 0.2.0 | 2.00 | 26.00 | 28.00 | OK | |
| r-release-windows-x86_64 | 0.2.0 | 3.00 | 38.00 | 41.00 | OK | |
| r-oldrel-macos-arm64 | 0.2.0 | 1.00 | 19.00 | 20.00 | NOTE | |
| r-oldrel-macos-x86_64 | 0.2.0 | 1.00 | 19.00 | 20.00 | NOTE | |
| r-oldrel-windows-x86_64 | 0.2.0 | 2.00 | 42.00 | 44.00 | NOTE |
Version: 0.2.0
Check: LazyData
Result: NOTE
'LazyData' is specified without a 'data' directory
Flavors: r-oldrel-macos-arm64, r-oldrel-macos-x86_64, r-oldrel-windows-x86_64