Last updated on 2025-11-26 17:49:47 CET.
| Flavor | Version | Tinstall | Tcheck | Ttotal | Status | Flags |
|---|---|---|---|---|---|---|
| r-devel-linux-x86_64-debian-clang | 1.9 | 12.45 | 95.79 | 108.24 | NOTE | |
| r-devel-linux-x86_64-debian-gcc | 1.9 | 8.37 | 69.08 | 77.45 | NOTE | |
| r-devel-linux-x86_64-fedora-clang | 1.9 | 46.00 | 129.84 | 175.84 | OK | |
| r-devel-linux-x86_64-fedora-gcc | 1.9 | 34.00 | 128.76 | 162.76 | OK | |
| r-devel-windows-x86_64 | 1.9 | 15.00 | 102.00 | 117.00 | OK | |
| r-patched-linux-x86_64 | 1.9 | 12.31 | 92.43 | 104.74 | OK | |
| r-release-linux-x86_64 | 1.9 | 11.35 | 91.22 | 102.57 | OK | |
| r-release-macos-arm64 | 1.9 | OK | ||||
| r-release-macos-x86_64 | 1.9 | 20.00 | 102.00 | 122.00 | OK | |
| r-release-windows-x86_64 | 1.9 | 12.00 | 109.00 | 121.00 | OK | |
| r-oldrel-macos-arm64 | 1.9 | OK | ||||
| r-oldrel-macos-x86_64 | 1.9 | 16.00 | 84.00 | 100.00 | OK | |
| r-oldrel-windows-x86_64 | 1.9 | 19.00 | 125.00 | 144.00 | OK |
Version: 1.9
Check: CRAN incoming feasibility
Result: NOTE
Maintainer: ‘Arthur White <arwhite@tcd.ie>’
Package CITATION file contains call(s) to old-style personList() or
as.personList(). Please use c() on person objects instead.
Package CITATION file contains call(s) to old-style citEntry(). Please
use bibentry() instead.
Flavors: r-devel-linux-x86_64-debian-clang, r-devel-linux-x86_64-debian-gcc