Last updated on 2025-10-25 17:48:31 CEST.
| Flavor | Version | Tinstall | Tcheck | Ttotal | Status | Flags |
|---|---|---|---|---|---|---|
| r-devel-linux-x86_64-debian-clang | 0.1.1 | 7.33 | 66.99 | 74.32 | OK | |
| r-devel-linux-x86_64-debian-gcc | 0.1.1 | 5.57 | 48.75 | 54.32 | OK | |
| r-devel-linux-x86_64-fedora-clang | 0.1.1 | 15.00 | 97.71 | 112.71 | OK | |
| r-devel-linux-x86_64-fedora-gcc | 0.1.1 | 17.00 | 91.90 | 108.90 | OK | |
| r-devel-windows-x86_64 | 0.1.1 | 9.00 | 71.00 | 80.00 | OK | |
| r-patched-linux-x86_64 | 0.1.1 | 7.51 | 63.02 | 70.53 | OK | |
| r-release-linux-x86_64 | 0.1.1 | 7.38 | 63.42 | 70.80 | OK | |
| r-release-macos-arm64 | 0.1.1 | 5.00 | 37.00 | 42.00 | OK | |
| r-release-macos-x86_64 | 0.1.1 | 10.00 | 71.00 | 81.00 | OK | |
| r-release-windows-x86_64 | 0.1.1 | 10.00 | 75.00 | 85.00 | OK | |
| r-oldrel-macos-arm64 | 0.1.1 | 3.00 | 26.00 | 29.00 | NOTE | |
| r-oldrel-macos-x86_64 | 0.1.1 | 4.00 | 39.00 | 43.00 | NOTE | |
| r-oldrel-windows-x86_64 | 0.1.1 | 13.00 | 89.00 | 102.00 | NOTE |
Version: 0.1.1
Check: LazyData
Result: NOTE
'LazyData' is specified without a 'data' directory
Flavors: r-oldrel-macos-arm64, r-oldrel-macos-x86_64, r-oldrel-windows-x86_64