Last updated on 2025-10-26 05:49:53 CET.
| Flavor | Version | Tinstall | Tcheck | Ttotal | Status | Flags |
|---|---|---|---|---|---|---|
| r-devel-linux-x86_64-debian-clang | 0.1.0 | 10.70 | 108.02 | 118.72 | NOTE | |
| r-devel-linux-x86_64-debian-gcc | 0.1.0 | 8.51 | 80.18 | 88.69 | NOTE | |
| r-devel-linux-x86_64-fedora-clang | 0.1.0 | 26.00 | 159.86 | 185.86 | OK | |
| r-devel-linux-x86_64-fedora-gcc | 0.1.0 | 24.00 | 172.02 | 196.02 | OK | |
| r-devel-windows-x86_64 | 0.1.0 | 12.00 | 100.00 | 112.00 | OK | |
| r-patched-linux-x86_64 | 0.1.0 | 9.90 | 102.77 | 112.67 | OK | |
| r-release-linux-x86_64 | 0.1.0 | 10.71 | 102.13 | 112.84 | OK | |
| r-release-macos-arm64 | 0.1.0 | 5.00 | 62.00 | 67.00 | OK | |
| r-release-macos-x86_64 | 0.1.0 | 10.00 | 119.00 | 129.00 | OK | |
| r-release-windows-x86_64 | 0.1.0 | 10.00 | 104.00 | 114.00 | OK | |
| r-oldrel-macos-arm64 | 0.1.0 | 6.00 | 63.00 | 69.00 | OK | |
| r-oldrel-macos-x86_64 | 0.1.0 | 8.00 | 89.00 | 97.00 | OK | |
| r-oldrel-windows-x86_64 | 0.1.0 | 15.00 | 130.00 | 145.00 | OK |
Version: 0.1.0
Check: CRAN incoming feasibility
Result: NOTE
Maintainer: ‘Sixing Hao <s.hao3@lse.ac.uk>’
The Description field contains
(2022)<arXiv:2201.02023>.
Please refer to arXiv e-prints via their arXiv DOI <doi:10.48550/arXiv.YYMM.NNNNN>.
Flavors: r-devel-linux-x86_64-debian-clang, r-devel-linux-x86_64-debian-gcc