Last updated on 2025-10-27 13:49:57 CET.
| Flavor | Version | Tinstall | Tcheck | Ttotal | Status | Flags |
|---|---|---|---|---|---|---|
| r-devel-linux-x86_64-debian-clang | 0.1.0 | 1.86 | 32.25 | 34.11 | NOTE | |
| r-devel-linux-x86_64-debian-gcc | 0.1.0 | 1.38 | 24.93 | 26.31 | NOTE | |
| r-devel-linux-x86_64-fedora-clang | 0.1.0 | 52.89 | NOTE | |||
| r-devel-linux-x86_64-fedora-gcc | 0.1.0 | 65.57 | NOTE | |||
| r-devel-windows-x86_64 | 0.1.0 | 3.00 | 53.00 | 56.00 | NOTE | |
| r-patched-linux-x86_64 | 0.1.0 | 2.04 | 30.47 | 32.51 | NOTE | |
| r-release-linux-x86_64 | 0.1.0 | 1.66 | 30.43 | 32.09 | NOTE | |
| r-release-macos-arm64 | 0.1.0 | 1.00 | 25.00 | 26.00 | NOTE | |
| r-release-macos-x86_64 | 0.1.0 | 2.00 | 60.00 | 62.00 | NOTE | |
| r-release-windows-x86_64 | 0.1.0 | 3.00 | 57.00 | 60.00 | NOTE | |
| r-oldrel-macos-arm64 | 0.1.0 | 1.00 | 27.00 | 28.00 | NOTE | |
| r-oldrel-macos-x86_64 | 0.1.0 | 1.00 | 35.00 | 36.00 | NOTE | |
| r-oldrel-windows-x86_64 | 0.1.0 | 5.00 | 59.00 | 64.00 | NOTE |
Version: 0.1.0
Check: package subdirectories
Result: NOTE
Problems with news in ‘NEWS.md’:
No news entries found.
Flavors: r-devel-linux-x86_64-debian-clang, r-devel-linux-x86_64-debian-gcc, r-devel-linux-x86_64-fedora-clang, r-devel-linux-x86_64-fedora-gcc, r-devel-windows-x86_64, r-patched-linux-x86_64, r-release-linux-x86_64, r-release-macos-arm64, r-release-macos-x86_64, r-release-windows-x86_64, r-oldrel-macos-arm64, r-oldrel-macos-x86_64, r-oldrel-windows-x86_64
Version: 0.1.0
Check: LazyData
Result: NOTE
'LazyData' is specified without a 'data' directory
Flavors: r-oldrel-macos-arm64, r-oldrel-macos-x86_64, r-oldrel-windows-x86_64