Last updated on 2025-10-26 21:50:56 CET.
| Flavor | Version | Tinstall | Tcheck | Ttotal | Status | Flags |
|---|---|---|---|---|---|---|
| r-devel-linux-x86_64-debian-clang | 0.1.1 | 8.35 | 80.00 | 88.35 | OK | |
| r-devel-linux-x86_64-debian-gcc | 0.1.1 | 5.91 | 59.46 | 65.37 | OK | |
| r-devel-linux-x86_64-fedora-clang | 0.1.1 | 17.00 | 124.73 | 141.73 | OK | |
| r-devel-linux-x86_64-fedora-gcc | 0.1.1 | 40.00 | 119.00 | 159.00 | OK | |
| r-devel-windows-x86_64 | 0.1.1 | 9.00 | 86.00 | 95.00 | OK | |
| r-patched-linux-x86_64 | 0.1.1 | 8.92 | 77.69 | 86.61 | OK | |
| r-release-linux-x86_64 | 0.1.1 | 6.93 | 76.75 | 83.68 | OK | |
| r-release-macos-arm64 | 0.1.1 | 5.00 | 53.00 | 58.00 | OK | |
| r-release-macos-x86_64 | 0.1.1 | 8.00 | 91.00 | 99.00 | OK | |
| r-release-windows-x86_64 | 0.1.1 | 10.00 | 89.00 | 99.00 | OK | |
| r-oldrel-macos-arm64 | 0.1.1 | 4.00 | 42.00 | 46.00 | NOTE | |
| r-oldrel-macos-x86_64 | 0.1.1 | 10.00 | 77.00 | 87.00 | NOTE | |
| r-oldrel-windows-x86_64 | 0.1.1 | 12.00 | 108.00 | 120.00 | NOTE |
Version: 0.1.1
Check: LazyData
Result: NOTE
'LazyData' is specified without a 'data' directory
Flavors: r-oldrel-macos-arm64, r-oldrel-macos-x86_64, r-oldrel-windows-x86_64