Last updated on 2025-07-12 21:50:38 CEST.
Flavor | Version | Tinstall | Tcheck | Ttotal | Status | Flags |
---|---|---|---|---|---|---|
r-devel-linux-x86_64-debian-clang | 0.1.3 | 34.25 | 80.27 | 114.52 | OK | |
r-devel-linux-x86_64-debian-gcc | 0.1.3 | 21.63 | 56.69 | 78.32 | OK | |
r-devel-linux-x86_64-fedora-clang | 0.1.3 | 199.36 | OK | |||
r-devel-linux-x86_64-fedora-gcc | 0.1.3 | 199.09 | OK | |||
r-devel-windows-x86_64 | 0.1.3 | 47.00 | 111.00 | 158.00 | OK | |
r-patched-linux-x86_64 | 0.1.3 | 32.26 | 76.57 | 108.83 | OK | |
r-release-linux-x86_64 | 0.1.3 | 33.64 | 76.65 | 110.29 | OK | |
r-release-macos-arm64 | 0.1.3 | 69.00 | OK | |||
r-release-macos-x86_64 | 0.1.3 | 125.00 | OK | |||
r-release-windows-x86_64 | 0.1.3 | 48.00 | 118.00 | 166.00 | OK | |
r-oldrel-macos-arm64 | 0.1.3 | 67.00 | NOTE | |||
r-oldrel-macos-x86_64 | 0.1.3 | 132.00 | NOTE | |||
r-oldrel-windows-x86_64 | 0.1.3 | 54.00 | 138.00 | 192.00 | NOTE |
Version: 0.1.3
Check: for GNU extensions in Makefiles
Result: NOTE
GNU make is a SystemRequirements.
Flavors: r-oldrel-macos-arm64, r-oldrel-macos-x86_64, r-oldrel-windows-x86_64