Last updated on 2025-11-26 17:49:47 CET.
| Flavor | Version | Tinstall | Tcheck | Ttotal | Status | Flags |
|---|---|---|---|---|---|---|
| r-devel-linux-x86_64-debian-clang | 2019.10-1 | 2.81 | 292.17 | 294.98 | NOTE | |
| r-devel-linux-x86_64-debian-gcc | 2019.10-1 | 1.75 | 231.69 | 233.44 | NOTE | |
| r-devel-linux-x86_64-fedora-clang | 2019.10-1 | 451.20 | OK | |||
| r-devel-linux-x86_64-fedora-gcc | 2019.10-1 | 480.14 | OK | |||
| r-devel-windows-x86_64 | 2019.10-1 | 6.00 | 351.00 | 357.00 | OK | |
| r-patched-linux-x86_64 | 2019.10-1 | 2.69 | 285.28 | 287.97 | OK | |
| r-release-linux-x86_64 | 2019.10-1 | 2.46 | 284.92 | 287.38 | OK | |
| r-release-macos-arm64 | 2019.10-1 | OK | ||||
| r-release-macos-x86_64 | 2019.10-1 | 3.00 | 316.00 | 319.00 | OK | |
| r-release-windows-x86_64 | 2019.10-1 | 5.00 | 385.00 | 390.00 | OK | |
| r-oldrel-macos-arm64 | 2019.10-1 | OK | ||||
| r-oldrel-macos-x86_64 | 2019.10-1 | 2.00 | 218.00 | 220.00 | OK | |
| r-oldrel-windows-x86_64 | 2019.10-1 | 6.00 | 442.00 | 448.00 | OK |
Version: 2019.10-1
Check: CRAN incoming feasibility
Result: NOTE
Maintainer: ‘Paul Gilbert <pgilbert.ttv9z@ncf.ca>’
Package CITATION file contains call(s) to old-style personList() or
as.personList(). Please use c() on person objects instead.
Package CITATION file contains call(s) to old-style citEntry(). Please
use bibentry() instead.
Flavors: r-devel-linux-x86_64-debian-clang, r-devel-linux-x86_64-debian-gcc