Last updated on 2025-11-26 17:49:47 CET.
| Flavor | Version | Tinstall | Tcheck | Ttotal | Status | Flags |
|---|---|---|---|---|---|---|
| r-devel-linux-x86_64-debian-clang | 1.0 | 6.00 | 55.43 | 61.43 | OK | |
| r-devel-linux-x86_64-debian-gcc | 1.0 | 4.19 | 41.90 | 46.09 | OK | |
| r-devel-linux-x86_64-fedora-clang | 1.0 | 12.00 | 82.76 | 94.76 | OK | |
| r-devel-linux-x86_64-fedora-gcc | 1.0 | 11.00 | 78.72 | 89.72 | OK | |
| r-devel-windows-x86_64 | 1.0 | 10.00 | 92.00 | 102.00 | OK | |
| r-patched-linux-x86_64 | 1.0 | 6.28 | 52.36 | 58.64 | OK | |
| r-release-linux-x86_64 | 1.0 | 5.69 | 52.05 | 57.74 | OK | |
| r-release-macos-arm64 | 1.0 | OK | ||||
| r-release-macos-x86_64 | 1.0 | 8.00 | 58.00 | 66.00 | OK | |
| r-release-windows-x86_64 | 1.0 | 8.00 | 67.00 | 75.00 | OK | |
| r-oldrel-macos-arm64 | 1.0 | NOTE | ||||
| r-oldrel-macos-x86_64 | 1.0 | 7.00 | 40.00 | 47.00 | NOTE | |
| r-oldrel-windows-x86_64 | 1.0 | 10.00 | 84.00 | 94.00 | NOTE |
Version: 1.0
Check: LazyData
Result: NOTE
'LazyData' is specified without a 'data' directory
Flavors: r-oldrel-macos-arm64, r-oldrel-macos-x86_64, r-oldrel-windows-x86_64