Last updated on 2025-10-26 01:49:44 CEST.
| Flavor | Version | Tinstall | Tcheck | Ttotal | Status | Flags |
|---|---|---|---|---|---|---|
| r-devel-linux-x86_64-debian-clang | 1.30.2-1 | 1.40 | 14.77 | 16.17 | OK | |
| r-devel-linux-x86_64-debian-gcc | 1.30.2-1 | 1.18 | 12.22 | 13.40 | OK | |
| r-devel-linux-x86_64-fedora-clang | 1.30.2-1 | 22.35 | OK | |||
| r-devel-linux-x86_64-fedora-gcc | 1.30.2-1 | 23.07 | OK | |||
| r-devel-windows-x86_64 | 1.30.2-1 | 6.00 | 30.00 | 36.00 | OK | |
| r-patched-linux-x86_64 | 1.30.2-1 | 1.46 | 13.40 | 14.86 | OK | |
| r-release-linux-x86_64 | 1.30.2-1 | 1.44 | 13.57 | 15.01 | OK | |
| r-release-macos-arm64 | 1.30.2-1 | 1.00 | 15.00 | 16.00 | OK | |
| r-release-macos-x86_64 | 1.30.2-1 | 1.00 | 21.00 | 22.00 | OK | |
| r-release-windows-x86_64 | 1.30.2-1 | 10.00 | 35.00 | 45.00 | OK | |
| r-oldrel-macos-arm64 | 1.30.2-1 | 1.00 | 19.00 | 20.00 | NOTE | |
| r-oldrel-macos-x86_64 | 1.30.2-1 | 1.00 | 29.00 | 30.00 | NOTE | |
| r-oldrel-windows-x86_64 | 1.30.2-1 | 9.00 | 31.00 | 40.00 | NOTE |
Version: 1.30.2-1
Check: installed package size
Result: NOTE
installed size is 6.2Mb
sub-directories of 1Mb or more:
include 6.1Mb
Flavors: r-oldrel-macos-arm64, r-oldrel-macos-x86_64, r-oldrel-windows-x86_64