Last updated on 2025-11-26 17:49:47 CET.
| Flavor | Version | Tinstall | Tcheck | Ttotal | Status | Flags |
|---|---|---|---|---|---|---|
| r-devel-linux-x86_64-debian-clang | 1.30.2-1 | 1.49 | 15.11 | 16.60 | OK | |
| r-devel-linux-x86_64-debian-gcc | 1.30.2-1 | 1.21 | 12.49 | 13.70 | OK | |
| r-devel-linux-x86_64-fedora-clang | 1.30.2-1 | 23.07 | OK | |||
| r-devel-linux-x86_64-fedora-gcc | 1.30.2-1 | 22.50 | OK | |||
| r-devel-windows-x86_64 | 1.30.2-1 | 5.00 | 34.00 | 39.00 | OK | |
| r-patched-linux-x86_64 | 1.30.2-1 | 1.50 | 13.78 | 15.28 | OK | |
| r-release-linux-x86_64 | 1.30.2-1 | 1.41 | 13.63 | 15.04 | OK | |
| r-release-macos-arm64 | 1.30.2-1 | OK | ||||
| r-release-macos-x86_64 | 1.30.2-1 | 1.00 | 21.00 | 22.00 | OK | |
| r-release-windows-x86_64 | 1.30.2-1 | 5.00 | 30.00 | 35.00 | OK | |
| r-oldrel-macos-arm64 | 1.30.2-1 | NOTE | ||||
| r-oldrel-macos-x86_64 | 1.30.2-1 | 1.00 | 29.00 | 30.00 | NOTE | |
| r-oldrel-windows-x86_64 | 1.30.2-1 | 9.00 | 31.00 | 40.00 | NOTE |
Version: 1.30.2-1
Check: installed package size
Result: NOTE
installed size is 6.2Mb
sub-directories of 1Mb or more:
include 6.1Mb
Flavors: r-oldrel-macos-arm64, r-oldrel-macos-x86_64, r-oldrel-windows-x86_64