Last updated on 2025-10-25 13:48:30 CEST.
| Flavor | Version | Tinstall | Tcheck | Ttotal | Status | Flags |
|---|---|---|---|---|---|---|
| r-devel-linux-x86_64-debian-clang | 1.1-25 | 31.63 | 67.31 | 98.94 | NOTE | |
| r-devel-linux-x86_64-debian-gcc | 1.1-25 | 20.96 | 56.04 | 77.00 | NOTE | |
| r-devel-linux-x86_64-fedora-clang | 1.1-25 | 66.00 | 86.79 | 152.79 | OK | |
| r-devel-linux-x86_64-fedora-gcc | 1.1-25 | 120.00 | 45.99 | 165.99 | NOTE | |
| r-devel-windows-x86_64 | 1.1-25 | 37.00 | 90.00 | 127.00 | OK | |
| r-patched-linux-x86_64 | 1.1-25 | 26.56 | 60.57 | 87.13 | OK | |
| r-release-linux-x86_64 | 1.1-25 | 25.90 | 61.39 | 87.29 | OK | |
| r-release-macos-arm64 | 1.1-25 | 27.00 | 36.00 | 63.00 | OK | |
| r-release-macos-x86_64 | 1.1-25 | 38.00 | 59.00 | 97.00 | OK | |
| r-release-windows-x86_64 | 1.1-25 | 37.00 | 92.00 | 129.00 | OK | |
| r-oldrel-macos-arm64 | 1.1-25 | 25.00 | 39.00 | 64.00 | OK | |
| r-oldrel-macos-x86_64 | 1.1-25 | 37.00 | 56.00 | 93.00 | OK | |
| r-oldrel-windows-x86_64 | 1.1-25 | 35.00 | 108.00 | 143.00 | OK |
Version: 1.1-25
Check: Rd files
Result: NOTE
checkRd: (-1) ijk2xyz.Rd:254-258: Only 7 columns allowed in this table (row 1 has 6)
checkRd: (-1) ijk2xyz.Rd:254-258: Only 7 columns allowed in this table (row 2 has 6)
checkRd: (-1) ijk2xyz.Rd:254-258: Only 7 columns allowed in this table (row 3 has 6)
Flavors: r-devel-linux-x86_64-debian-clang, r-devel-linux-x86_64-debian-gcc, r-devel-linux-x86_64-fedora-gcc