Last updated on 2025-10-26 05:49:51 CET.
| Flavor | Version | Tinstall | Tcheck | Ttotal | Status | Flags |
|---|---|---|---|---|---|---|
| r-devel-linux-x86_64-debian-clang | 1.1.1 | 5.52 | 91.16 | 96.68 | NOTE | |
| r-devel-linux-x86_64-debian-gcc | 1.1.1 | 3.81 | 62.57 | 66.38 | NOTE | |
| r-devel-linux-x86_64-fedora-clang | 1.1.1 | 13.00 | 136.24 | 149.24 | NOTE | |
| r-devel-linux-x86_64-fedora-gcc | 1.1.1 | 29.00 | 123.50 | 152.50 | NOTE | |
| r-devel-windows-x86_64 | 1.1.1 | 7.00 | 106.00 | 113.00 | NOTE | |
| r-patched-linux-x86_64 | 1.1.1 | 6.01 | 86.12 | 92.13 | NOTE | |
| r-release-linux-x86_64 | 1.1.1 | 5.72 | 85.92 | 91.64 | NOTE | |
| r-release-macos-arm64 | 1.1.1 | 3.00 | 39.00 | 42.00 | NOTE | |
| r-release-macos-x86_64 | 1.1.1 | 5.00 | 65.00 | 70.00 | NOTE | |
| r-release-windows-x86_64 | 1.1.1 | 8.00 | 109.00 | 117.00 | NOTE | |
| r-oldrel-macos-arm64 | 1.1.1 | 2.00 | 37.00 | 39.00 | NOTE | |
| r-oldrel-macos-x86_64 | 1.1.1 | 4.00 | 53.00 | 57.00 | NOTE | |
| r-oldrel-windows-x86_64 | 1.1.1 | 11.00 | 136.00 | 147.00 | NOTE |
Version: 1.1.1
Check: Rd files
Result: NOTE
checkRd: (-1) AmpliconDuo-package.Rd:37-39: Lost braces in \itemize; meant \describe ?
checkRd: (-1) AmpliconDuo-package.Rd:40-42: Lost braces in \itemize; meant \describe ?
checkRd: (-1) AmpliconDuo-package.Rd:43-46: Lost braces in \itemize; meant \describe ?
checkRd: (-1) AmpliconDuo-package.Rd:47-49: Lost braces in \itemize; meant \describe ?
checkRd: (-1) AmpliconDuo-package.Rd:50-52: Lost braces in \itemize; meant \describe ?
checkRd: (-1) AmpliconDuo-package.Rd:53-55: Lost braces in \itemize; meant \describe ?
checkRd: (-1) AmpliconDuo-package.Rd:56-58: Lost braces in \itemize; meant \describe ?
Flavors: r-devel-linux-x86_64-debian-clang, r-devel-linux-x86_64-debian-gcc, r-devel-linux-x86_64-fedora-clang, r-devel-linux-x86_64-fedora-gcc, r-devel-windows-x86_64, r-patched-linux-x86_64, r-release-linux-x86_64, r-release-macos-arm64, r-release-macos-x86_64, r-release-windows-x86_64, r-oldrel-macos-arm64, r-oldrel-macos-x86_64, r-oldrel-windows-x86_64