Last updated on 2025-10-26 17:50:28 CET.
| Flavor | Version | Tinstall | Tcheck | Ttotal | Status | Flags |
|---|---|---|---|---|---|---|
| r-devel-linux-x86_64-debian-clang | 0.1.0 | 15.17 | 90.23 | 105.40 | NOTE | |
| r-devel-linux-x86_64-debian-gcc | 0.1.0 | 9.56 | 61.87 | 71.43 | NOTE | |
| r-devel-linux-x86_64-fedora-clang | 0.1.0 | 32.00 | 128.32 | 160.32 | OK | |
| r-devel-linux-x86_64-fedora-gcc | 0.1.0 | 68.00 | 97.27 | 165.27 | NOTE | |
| r-devel-windows-x86_64 | 0.1.0 | 16.00 | 97.00 | 113.00 | OK | |
| r-patched-linux-x86_64 | 0.1.0 | 14.82 | 84.03 | 98.85 | OK | |
| r-release-linux-x86_64 | 0.1.0 | 13.08 | 83.38 | 96.46 | OK | |
| r-release-macos-arm64 | 0.1.0 | 5.00 | 34.00 | 39.00 | OK | |
| r-release-macos-x86_64 | 0.1.0 | 18.00 | 65.00 | 83.00 | OK | |
| r-release-windows-x86_64 | 0.1.0 | 15.00 | 100.00 | 115.00 | OK | |
| r-oldrel-macos-arm64 | 0.1.0 | 6.00 | 33.00 | 39.00 | OK | |
| r-oldrel-macos-x86_64 | 0.1.0 | 20.00 | 68.00 | 88.00 | OK | |
| r-oldrel-windows-x86_64 | 0.1.0 | 20.00 | 120.00 | 140.00 | OK |
Version: 0.1.0
Check: Rd files
Result: NOTE
checkRd: (-1) clonesgroups.Rd:14-17: Only 5 columns allowed in this table (row 1 has 4)
checkRd: (-1) clonesgroups.Rd:14-17: Only 5 columns allowed in this table (row 2 has 4)
Flavors: r-devel-linux-x86_64-debian-clang, r-devel-linux-x86_64-debian-gcc, r-devel-linux-x86_64-fedora-gcc