Last updated on 2025-10-26 09:49:49 CET.
| Flavor | Version | Tinstall | Tcheck | Ttotal | Status | Flags |
|---|---|---|---|---|---|---|
| r-devel-linux-x86_64-debian-clang | 1.1.1 | 2.31 | 27.70 | 30.01 | NOTE | |
| r-devel-linux-x86_64-debian-gcc | 1.1.1 | 1.86 | 21.02 | 22.88 | NOTE | |
| r-devel-linux-x86_64-fedora-clang | 1.1.1 | 46.21 | OK | |||
| r-devel-linux-x86_64-fedora-gcc | 1.1.1 | 43.00 | OK | |||
| r-devel-windows-x86_64 | 1.1.1 | 3.00 | 49.00 | 52.00 | OK | |
| r-patched-linux-x86_64 | 1.1.1 | 2.50 | 26.34 | 28.84 | OK | |
| r-release-linux-x86_64 | 1.1.1 | 1.90 | 26.25 | 28.15 | OK | |
| r-release-macos-arm64 | 1.1.1 | 2.00 | 19.00 | 21.00 | OK | |
| r-release-macos-x86_64 | 1.1.1 | 2.00 | 30.00 | 32.00 | OK | |
| r-release-windows-x86_64 | 1.1.1 | 3.00 | 51.00 | 54.00 | OK | |
| r-oldrel-macos-arm64 | 1.1.1 | 1.00 | 21.00 | 22.00 | NOTE | |
| r-oldrel-macos-x86_64 | 1.1.1 | 2.00 | 23.00 | 25.00 | NOTE | |
| r-oldrel-windows-x86_64 | 1.1.1 | 4.00 | 54.00 | 58.00 | NOTE |
Version: 1.1.1
Check: CRAN incoming feasibility
Result: NOTE
Maintainer: ‘Dong Zhang <dzhang0716@126.com>’
No Authors@R field in DESCRIPTION.
Please add one, modifying
Authors@R: person(given = "Dong",
family = "Zhang",
role = c("aut", "cre"),
email = "dzhang0716@126.com")
as necessary.
Found the following (possibly) invalid file URIs:
URI: dzhang0716@126.com
From: man/rARS.Rd
URI: dzhang0716@126.com
From: man/rASS.Rd
URI: dzhang0716@126.com
From: man/rCCARS.Rd
URI: dzhang0716@126.com
From: man/rMARS.Rd
Flavors: r-devel-linux-x86_64-debian-clang, r-devel-linux-x86_64-debian-gcc
Version: 1.1.1
Check: LazyData
Result: NOTE
'LazyData' is specified without a 'data' directory
Flavors: r-oldrel-macos-arm64, r-oldrel-macos-x86_64, r-oldrel-windows-x86_64